{"id":15,"date":"2016-09-17T15:23:53","date_gmt":"2016-09-17T15:23:53","guid":{"rendered":"https:\/\/arbeitskleidung.de\/shop\/?page_id=15"},"modified":"2016-09-27T10:47:03","modified_gmt":"2016-09-27T08:47:03","slug":"zahlungsarten","status":"publish","type":"page","link":"https:\/\/arbeitskleidung.de\/shop\/zahlungsarten","title":{"rendered":"Zahlungsarten"},"content":{"rendered":"<h1>Unsere Zahlungsarten<\/h1>\n<div class=\"woocommerce woocommerce-gzd\">\n\t<ul class=\"payment_methods methods\">\n\t\t\t\t\t<li class=\"payment_method_bacs\">\n\t\t\t\t<label>\u00dcberweisung \/ Vorkasse<\/label>\n\t\t\t\t\t\t\t\t\t<div class=\"payment_box payment_method_bacs\">\n\t\t\t\t\t\t<p><strong>Mit \u00dcberweisung \/ Vorkasse bezahlen.<\/strong> Nat\u00fcrlich akzeptieren wir auch Vorkasse. Wenn Sie Vorkasse als Zahlungsoption w\u00e4hlen, erhalten Sie von uns eine E-Mail mit einer Bestell\u00fcbersicht und unserer Bankverbindung. Sie zahlen dann den entsprechenden Betrag auf unser Konto ein und geben als Verwendungszweck die Bestellnummer an. Sobald die Gutschrift auf unserem Konto erfolgt ist, wird Ihre Bestellung umgehend versandt. Eine Zahlung in \u20ac innerhalb des Europ\u00e4ischen Wirtschaftsraums (EWR) dauert normalerweise 1 Gesch\u00e4ftstag.<\/p>\n\t\t\t\t\t<\/div>\n\t\t\t\t\t\t\t<\/li>\n\t\t\t\t\t<li class=\"payment_method_paypal_plus\">\n\t\t\t\t<label>PayPal Plus<\/label>\n\t\t\t\t\t\t\t\t\t<div class=\"payment_box payment_method_paypal_plus\">\n\t\t\t\t\t\t<p><strong>Mit Paypal Plus bezahlen.<\/strong> Bei PayPal sind Ihre Bankdaten sicher aufgehoben und mit dem K\u00e4uferschutz gibt's bei \u00c4rger das Geld zur\u00fcck. Und das Wichtigste: Sie bezahlen mit nur wenigen Klicks. Der kostenlose K\u00e4uferschutz von PayPal f\u00e4ngt Sie auf, falls ein Artikel nicht abgeschickt wurde oder ganz anders ankommt, als beschrieben. Mit Ihrer E-Mail-Adresse und einem Passwort kann es sofort losgehen. PayPal ist im ganzen Internet zu Hause - \u00fcber alle Landesgrenzen hinaus. So k\u00f6nnen Sie weltweit auch in anderen W\u00e4hrungen bezahlen.<\/p>\n\t\t\t\t\t<\/div>\n\t\t\t\t\t\t\t<\/li>\n\t\t\t\t\t<li class=\"payment_method_invoice\">\n\t\t\t\t<label>Rechnung \/ Bestandskunden<\/label>\n\t\t\t\t\t\t\t\t\t<div class=\"payment_box payment_method_invoice\">\n\t\t\t\t\t\t<p><strong>Zahlung per Rechnung f\u00fcr Bestandskunden.<\/strong> Sie haben bei uns schon Ware bezogen, dann k\u00f6nnen Sie auf Rechnung bestellen. <strong>Geben Sie hierf\u00fcr im Feld \"Bestellhinweise\" Ihre Kundennummer ein.<\/strong> Die Rechnung liegt Ihrem Paket bei. Bitte \u00fcberweisen Sie den Gesamtbetrag direkt nach dem einwandfreien Erhalt der Ware auf das dort angegebene Konto. Bei Rechnungsstellung gilt ein Zahlungsziel von 10 Tagen ohne Abzug.<\/p>\n\t\t\t\t\t<\/div>\n\t\t\t\t\t\t\t<\/li>\n\t\t\t<\/ul>\n<\/div>\n","protected":false},"excerpt":{"rendered":"<p>Unsere Zahlungsarten<\/p>\n","protected":false},"author":1,"featured_media":0,"parent":0,"menu_order":0,"comment_status":"closed","ping_status":"closed","template":"page-no-sidebar.php","meta":{"footnotes":""},"class_list":["post-15","page","type-page","status-publish","hentry"],"_links":{"self":[{"href":"https:\/\/arbeitskleidung.de\/shop\/wp-json\/wp\/v2\/pages\/15"}],"collection":[{"href":"https:\/\/arbeitskleidung.de\/shop\/wp-json\/wp\/v2\/pages"}],"about":[{"href":"https:\/\/arbeitskleidung.de\/shop\/wp-json\/wp\/v2\/types\/page"}],"author":[{"embeddable":true,"href":"https:\/\/arbeitskleidung.de\/shop\/wp-json\/wp\/v2\/users\/1"}],"replies":[{"embeddable":true,"href":"https:\/\/arbeitskleidung.de\/shop\/wp-json\/wp\/v2\/comments?post=15"}],"version-history":[{"count":0,"href":"https:\/\/arbeitskleidung.de\/shop\/wp-json\/wp\/v2\/pages\/15\/revisions"}],"wp:attachment":[{"href":"https:\/\/arbeitskleidung.de\/shop\/wp-json\/wp\/v2\/media?parent=15"}],"curies":[{"name":"wp","href":"https:\/\/api.w.org\/{rel}","templated":true}]}}