{"id":80765,"date":"2016-11-11T13:56:43","date_gmt":"2016-11-11T11:56:43","guid":{"rendered":"https:\/\/arbeitskleidung.de\/shop\/?page_id=80765"},"modified":"2021-03-07T15:43:16","modified_gmt":"2021-03-07T13:43:16","slug":"laden","status":"publish","type":"page","link":"https:\/\/arbeitskleidung.de\/shop\/laden","title":{"rendered":"Ladengesch\u00e4ft"},"content":{"rendered":"<div id=\"pl-80765\"  class=\"panel-layout\" ><div id=\"pg-80765-0\"  class=\"panel-grid panel-no-style\" ><div id=\"pgc-80765-0-0\"  class=\"panel-grid-cell\" ><div id=\"panel-80765-0-0-0\" class=\"so-panel widget widget_sow-editor panel-first-child panel-last-child\" data-index=\"0\" ><div\n\t\t\t\n\t\t\tclass=\"so-widget-sow-editor so-widget-sow-editor-base\"\n\t\t\t\n\t\t>\n<div class=\"siteorigin-widget-tinymce textwidget\">\n\t<h1>Unser Ladengesch\u00e4ft<\/h1>\n<p>Gerne beraten wir Sie in unserem Ladengesch\u00e4ft in Pleidelsheim. Hier k\u00f6nnen Sie sich von der Qualit\u00e4t unserer Artikel \u00fcberzeugen und diese auch anprobieren.<\/p>\n\n\t\t<style type=\"text\/css\">\n\t\t\t#gallery-1 {\n\t\t\t\tmargin: auto;\n\t\t\t}\n\t\t\t#gallery-1 .gallery-item {\n\t\t\t\tfloat: left;\n\t\t\t\tmargin-top: 10px;\n\t\t\t\ttext-align: center;\n\t\t\t\twidth: 20%;\n\t\t\t}\n\t\t\t#gallery-1 img {\n\t\t\t\tborder: 2px solid #cfcfcf;\n\t\t\t}\n\t\t\t#gallery-1 .gallery-caption {\n\t\t\t\tmargin-left: 0;\n\t\t\t}\n\t\t\t\/* see gallery_shortcode() in wp-includes\/media.php *\/\n\t\t<\/style>\n\t\t<div id='gallery-1' class='gallery galleryid-80765 gallery-columns-5 gallery-size-thumbnail'><dl class='gallery-item'>\n\t\t\t<dt class='gallery-icon portrait'>\n\t\t\t\t<a href='https:\/\/arbeitskleidung.de\/shop\/wp-content\/uploads\/laden12.jpg' title=\"\" data-rl_title=\"\" class=\"rl-gallery-link\" data-rl_caption=\"\" data-rel=\"lightbox-gallery-1\"><img loading=\"lazy\" decoding=\"async\" width=\"150\" height=\"150\" src=\"https:\/\/arbeitskleidung.de\/shop\/wp-content\/uploads\/laden12-150x150.jpg\" class=\"attachment-thumbnail size-thumbnail\" alt=\"\" \/><\/a>\n\t\t\t<\/dt><\/dl><dl class='gallery-item'>\n\t\t\t<dt class='gallery-icon portrait'>\n\t\t\t\t<a href='https:\/\/arbeitskleidung.de\/shop\/wp-content\/uploads\/laden3.jpg' title=\"\" data-rl_title=\"\" class=\"rl-gallery-link\" data-rl_caption=\"\" data-rel=\"lightbox-gallery-1\"><img loading=\"lazy\" decoding=\"async\" width=\"150\" height=\"150\" src=\"https:\/\/arbeitskleidung.de\/shop\/wp-content\/uploads\/laden3-150x150.jpg\" class=\"attachment-thumbnail size-thumbnail\" alt=\"\" \/><\/a>\n\t\t\t<\/dt><\/dl><dl class='gallery-item'>\n\t\t\t<dt class='gallery-icon portrait'>\n\t\t\t\t<a href='https:\/\/arbeitskleidung.de\/shop\/wp-content\/uploads\/laden10.jpg' title=\"\" data-rl_title=\"\" class=\"rl-gallery-link\" data-rl_caption=\"\" data-rel=\"lightbox-gallery-1\"><img loading=\"lazy\" decoding=\"async\" width=\"150\" height=\"150\" src=\"https:\/\/arbeitskleidung.de\/shop\/wp-content\/uploads\/laden10-150x150.jpg\" class=\"attachment-thumbnail size-thumbnail\" alt=\"\" \/><\/a>\n\t\t\t<\/dt><\/dl><dl class='gallery-item'>\n\t\t\t<dt class='gallery-icon landscape'>\n\t\t\t\t<a href='https:\/\/arbeitskleidung.de\/shop\/wp-content\/uploads\/laden9.jpg' title=\"\" data-rl_title=\"\" class=\"rl-gallery-link\" data-rl_caption=\"\" data-rel=\"lightbox-gallery-1\"><img loading=\"lazy\" decoding=\"async\" width=\"150\" height=\"150\" src=\"https:\/\/arbeitskleidung.de\/shop\/wp-content\/uploads\/laden9-150x150.jpg\" class=\"attachment-thumbnail size-thumbnail\" alt=\"\" \/><\/a>\n\t\t\t<\/dt><\/dl><dl class='gallery-item'>\n\t\t\t<dt class='gallery-icon landscape'>\n\t\t\t\t<a href='https:\/\/arbeitskleidung.de\/shop\/wp-content\/uploads\/laden6.jpg' title=\"\" data-rl_title=\"\" class=\"rl-gallery-link\" data-rl_caption=\"\" data-rel=\"lightbox-gallery-1\"><img loading=\"lazy\" decoding=\"async\" width=\"150\" height=\"150\" src=\"https:\/\/arbeitskleidung.de\/shop\/wp-content\/uploads\/laden6-150x150.jpg\" class=\"attachment-thumbnail size-thumbnail\" alt=\"\" \/><\/a>\n\t\t\t<\/dt><\/dl><br style=\"clear: both\" \/><dl class='gallery-item'>\n\t\t\t<dt class='gallery-icon landscape'>\n\t\t\t\t<a href='https:\/\/arbeitskleidung.de\/shop\/wp-content\/uploads\/laden7.jpg' title=\"\" data-rl_title=\"\" class=\"rl-gallery-link\" data-rl_caption=\"\" data-rel=\"lightbox-gallery-1\"><img loading=\"lazy\" decoding=\"async\" width=\"150\" height=\"150\" src=\"https:\/\/arbeitskleidung.de\/shop\/wp-content\/uploads\/laden7-150x150.jpg\" class=\"attachment-thumbnail size-thumbnail\" alt=\"\" \/><\/a>\n\t\t\t<\/dt><\/dl><dl class='gallery-item'>\n\t\t\t<dt class='gallery-icon portrait'>\n\t\t\t\t<a href='https:\/\/arbeitskleidung.de\/shop\/wp-content\/uploads\/lager3.jpg' title=\"\" data-rl_title=\"\" class=\"rl-gallery-link\" data-rl_caption=\"\" data-rel=\"lightbox-gallery-1\"><img loading=\"lazy\" decoding=\"async\" width=\"150\" height=\"150\" src=\"https:\/\/arbeitskleidung.de\/shop\/wp-content\/uploads\/lager3-150x150.jpg\" class=\"attachment-thumbnail size-thumbnail\" alt=\"\" \/><\/a>\n\t\t\t<\/dt><\/dl><dl class='gallery-item'>\n\t\t\t<dt class='gallery-icon landscape'>\n\t\t\t\t<a href='https:\/\/arbeitskleidung.de\/shop\/wp-content\/uploads\/laden1.jpg' title=\"\" data-rl_title=\"\" class=\"rl-gallery-link\" data-rl_caption=\"\" data-rel=\"lightbox-gallery-1\"><img loading=\"lazy\" decoding=\"async\" width=\"150\" height=\"150\" src=\"https:\/\/arbeitskleidung.de\/shop\/wp-content\/uploads\/laden1-150x150.jpg\" class=\"attachment-thumbnail size-thumbnail\" alt=\"\" \/><\/a>\n\t\t\t<\/dt><\/dl><dl class='gallery-item'>\n\t\t\t<dt class='gallery-icon landscape'>\n\t\t\t\t<a href='https:\/\/arbeitskleidung.de\/shop\/wp-content\/uploads\/lager6.jpg' title=\"\" data-rl_title=\"\" class=\"rl-gallery-link\" data-rl_caption=\"\" data-rel=\"lightbox-gallery-1\"><img loading=\"lazy\" decoding=\"async\" width=\"150\" height=\"150\" src=\"https:\/\/arbeitskleidung.de\/shop\/wp-content\/uploads\/lager6-150x150.jpg\" class=\"attachment-thumbnail size-thumbnail\" alt=\"\" \/><\/a>\n\t\t\t<\/dt><\/dl><dl class='gallery-item'>\n\t\t\t<dt class='gallery-icon landscape'>\n\t\t\t\t<a href='https:\/\/arbeitskleidung.de\/shop\/wp-content\/uploads\/laden11.jpg' title=\"\" data-rl_title=\"\" class=\"rl-gallery-link\" data-rl_caption=\"\" data-rel=\"lightbox-gallery-1\"><img loading=\"lazy\" decoding=\"async\" width=\"150\" height=\"150\" src=\"https:\/\/arbeitskleidung.de\/shop\/wp-content\/uploads\/laden11-150x150.jpg\" class=\"attachment-thumbnail size-thumbnail\" alt=\"\" \/><\/a>\n\t\t\t<\/dt><\/dl><br style=\"clear: both\" \/><dl class='gallery-item'>\n\t\t\t<dt class='gallery-icon portrait'>\n\t\t\t\t<a href='https:\/\/arbeitskleidung.de\/shop\/wp-content\/uploads\/lager8.jpg' title=\"\" data-rl_title=\"\" class=\"rl-gallery-link\" data-rl_caption=\"\" data-rel=\"lightbox-gallery-1\"><img loading=\"lazy\" decoding=\"async\" width=\"150\" height=\"150\" src=\"https:\/\/arbeitskleidung.de\/shop\/wp-content\/uploads\/lager8-150x150.jpg\" class=\"attachment-thumbnail size-thumbnail\" alt=\"\" \/><\/a>\n\t\t\t<\/dt><\/dl><dl class='gallery-item'>\n\t\t\t<dt class='gallery-icon landscape'>\n\t\t\t\t<a href='https:\/\/arbeitskleidung.de\/shop\/wp-content\/uploads\/lager2.jpg' title=\"\" data-rl_title=\"\" class=\"rl-gallery-link\" data-rl_caption=\"\" data-rel=\"lightbox-gallery-1\"><img loading=\"lazy\" decoding=\"async\" width=\"150\" height=\"150\" src=\"https:\/\/arbeitskleidung.de\/shop\/wp-content\/uploads\/lager2-150x150.jpg\" class=\"attachment-thumbnail size-thumbnail\" alt=\"\" \/><\/a>\n\t\t\t<\/dt><\/dl><dl class='gallery-item'>\n\t\t\t<dt class='gallery-icon landscape'>\n\t\t\t\t<a href='https:\/\/arbeitskleidung.de\/shop\/wp-content\/uploads\/lager1.jpg' title=\"\" data-rl_title=\"\" class=\"rl-gallery-link\" data-rl_caption=\"\" data-rel=\"lightbox-gallery-1\"><img loading=\"lazy\" decoding=\"async\" width=\"150\" height=\"150\" src=\"https:\/\/arbeitskleidung.de\/shop\/wp-content\/uploads\/lager1-150x150.jpg\" class=\"attachment-thumbnail size-thumbnail\" alt=\"\" \/><\/a>\n\t\t\t<\/dt><\/dl>\n\t\t\t<br style='clear: both' \/>\n\t\t<\/div>\n\n<hr \/>\n<h3>Unsere Topseller<\/h3>\n<div class=\"woocommerce columns-4 \"><ul class=\"products columns-4\">\n<li class=\"product type-product post-86492 status-publish first instock product_cat-kuechenkleidung-servicekleidung product_cat-latzschuerzen product_cat-gastronomie-klinik product_tag-latzschuerze product_tag-m-s product_tag-kuechenkleidung has-post-thumbnail taxable shipping-taxable purchasable product-type-variable has-default-attributes\">\n\t\n\n\n\n\t<p class=\"wc-gzd-additional-info wc-gzd-additional-info-loop tax-info\">inkl. MwSt.<\/p>\n\n\t<p class=\"wc-gzd-additional-info wc-gzd-additional-info-loop shipping-costs-info\">zzgl. <a href=\"https:\/\/arbeitskleidung.de\/shop\/versandinformationen\" target=\"_blank\">Versandkosten<\/a><\/p>\n\n\t<p class=\"wc-gzd-additional-info delivery-time-info wc-gzd-additional-info-loop i-classfa-fa-trucki-1-5-tage\"><i class=\"fa fa-truck\"><\/i> Lieferzeit: 1-5 Tage<\/p>\n<\/li>\n<li class=\"product type-product post-96757 status-publish instock product_cat-zunftbekleidung product_cat-verschleissteile-fhb product_tag-fhb product_tag-zunfthose has-post-thumbnail taxable shipping-taxable purchasable product-type-variable has-default-attributes\">\n\t\n\n\n\n\t<p class=\"wc-gzd-additional-info wc-gzd-additional-info-loop tax-info\">inkl. MwSt.<\/p>\n\n\t<p class=\"wc-gzd-additional-info wc-gzd-additional-info-loop shipping-costs-info\">zzgl. <a href=\"https:\/\/arbeitskleidung.de\/shop\/versandinformationen\" target=\"_blank\">Versandkosten<\/a><\/p>\n\n\t<p class=\"wc-gzd-additional-info delivery-time-info wc-gzd-additional-info-loop i-classfa-fa-trucki-1-5-tage\"><i class=\"fa fa-truck\"><\/i> Lieferzeit: 1-5 Tage<\/p>\n<\/li>\n<li class=\"product type-product post-84859 status-publish instock product_cat-zunftbekleidung product_cat-zunftaccessoires product_tag-fhb has-post-thumbnail taxable shipping-taxable purchasable product-type-variable has-default-attributes\">\n\t\n\n\n\n\t<p class=\"wc-gzd-additional-info wc-gzd-additional-info-loop tax-info\">inkl. MwSt.<\/p>\n\n\t<p class=\"wc-gzd-additional-info wc-gzd-additional-info-loop shipping-costs-info\">zzgl. <a href=\"https:\/\/arbeitskleidung.de\/shop\/versandinformationen\" target=\"_blank\">Versandkosten<\/a><\/p>\n\n\t<p class=\"wc-gzd-additional-info delivery-time-info wc-gzd-additional-info-loop i-classfa-fa-trucki-1-5-tage\"><i class=\"fa fa-truck\"><\/i> Lieferzeit: 1-5 Tage<\/p>\n<\/li>\n<li class=\"product type-product post-86581 status-publish last instock product_cat-kuechenkleidung-servicekleidung product_cat-vorbinder-bistroschuerzen product_cat-gastronomie-klinik product_tag-vorbinder product_tag-m-s product_tag-kuechenkleidung has-post-thumbnail taxable shipping-taxable purchasable product-type-variable has-default-attributes\">\n\t\n\n\n\n\t<p class=\"wc-gzd-additional-info wc-gzd-additional-info-loop tax-info\">inkl. MwSt.<\/p>\n\n\t<p class=\"wc-gzd-additional-info wc-gzd-additional-info-loop shipping-costs-info\">zzgl. <a href=\"https:\/\/arbeitskleidung.de\/shop\/versandinformationen\" target=\"_blank\">Versandkosten<\/a><\/p>\n\n\t<p class=\"wc-gzd-additional-info delivery-time-info wc-gzd-additional-info-loop i-classfa-fa-trucki-1-5-tage\"><i class=\"fa fa-truck\"><\/i> Lieferzeit: 1-5 Tage<\/p>\n<\/li>\n<li class=\"product type-product post-82117 status-publish first instock product_cat-oberbekleidung product_cat-polos-pullover product_cat-industrie-handwerk product_cat-t-shirt-unterwaesche product_cat-damen-sweatshirt-polos product_cat-damenberufskleidung product_tag-m-s product_tag-polo has-post-thumbnail taxable shipping-taxable purchasable product-type-variable has-default-attributes\">\n\t\n\n\n\n\t<p class=\"wc-gzd-additional-info wc-gzd-additional-info-loop tax-info\">inkl. MwSt.<\/p>\n\n\t<p class=\"wc-gzd-additional-info wc-gzd-additional-info-loop shipping-costs-info\">zzgl. <a href=\"https:\/\/arbeitskleidung.de\/shop\/versandinformationen\" target=\"_blank\">Versandkosten<\/a><\/p>\n\n\t<p class=\"wc-gzd-additional-info delivery-time-info wc-gzd-additional-info-loop i-classfa-fa-trucki-1-5-tage\"><i class=\"fa fa-truck\"><\/i> Lieferzeit: 1-5 Tage<\/p>\n<\/li>\n<li class=\"product type-product post-81592 status-publish instock product_cat-herren-t-shirt-polos product_cat-oberbekleidung product_cat-polos-pullover product_cat-industrie-handwerk product_cat-t-shirt-unterwaesche product_tag-polo product_tag-m-s has-post-thumbnail taxable shipping-taxable purchasable product-type-variable has-default-attributes\">\n\t\n\n\n\n\t<p class=\"wc-gzd-additional-info wc-gzd-additional-info-loop tax-info\">inkl. MwSt.<\/p>\n\n\t<p class=\"wc-gzd-additional-info wc-gzd-additional-info-loop shipping-costs-info\">zzgl. <a href=\"https:\/\/arbeitskleidung.de\/shop\/versandinformationen\" target=\"_blank\">Versandkosten<\/a><\/p>\n\n\t<p class=\"wc-gzd-additional-info delivery-time-info wc-gzd-additional-info-loop i-classfa-fa-trucki-1-5-tage\"><i class=\"fa fa-truck\"><\/i> Lieferzeit: 1-5 Tage<\/p>\n<\/li>\n<li class=\"product type-product post-81111 status-publish instock product_cat-t-shirt-sweatshirt product_cat-oberbekleidung product_cat-industrie-handwerk product_cat-herren-sweatshirt product_cat-t-shirt-unterwaesche product_tag-m-s product_tag-sweat-shirt product_tag-t-shirt has-post-thumbnail taxable shipping-taxable purchasable product-type-variable has-default-attributes\">\n\t\n\n\n\n\t<p class=\"wc-gzd-additional-info wc-gzd-additional-info-loop tax-info\">inkl. MwSt.<\/p>\n\n\t<p class=\"wc-gzd-additional-info wc-gzd-additional-info-loop shipping-costs-info\">zzgl. <a href=\"https:\/\/arbeitskleidung.de\/shop\/versandinformationen\" target=\"_blank\">Versandkosten<\/a><\/p>\n\n\t<p class=\"wc-gzd-additional-info delivery-time-info wc-gzd-additional-info-loop i-classfa-fa-trucki-1-5-tage\"><i class=\"fa fa-truck\"><\/i> Lieferzeit: 1-5 Tage<\/p>\n<\/li>\n<li class=\"product type-product post-118465 status-publish last instock product_cat-pka-serie-threeline-deluxe-pka-kollektion product_cat-industrie-handwerk product_cat-pka-kollektion product_tag-bundhose product_tag-pka has-post-thumbnail taxable shipping-taxable purchasable product-type-variable has-default-attributes\">\n\t\n\n\n\n\t<p class=\"wc-gzd-additional-info wc-gzd-additional-info-loop tax-info\">inkl. MwSt.<\/p>\n\n\t<p class=\"wc-gzd-additional-info wc-gzd-additional-info-loop shipping-costs-info\">zzgl. <a href=\"https:\/\/arbeitskleidung.de\/shop\/versandinformationen\" target=\"_blank\">Versandkosten<\/a><\/p>\n\n\t<p class=\"wc-gzd-additional-info delivery-time-info wc-gzd-additional-info-loop i-classfa-fa-trucki-1-5-tage\"><i class=\"fa fa-truck\"><\/i> Lieferzeit: 1-5 Tage<\/p>\n<\/li>\n<\/ul>\n<\/div>\n<\/div>\n<\/div><\/div><\/div><\/div><\/div>","protected":false},"excerpt":{"rendered":"<p>Unser Ladengesch\u00e4ft Gerne beraten wir Sie in unserem Ladengesch\u00e4ft in Pleidelsheim. Hier k\u00f6nnen Sie sich von der Qualit\u00e4t unserer Artikel \u00fcberzeugen und diese auch anprobieren. Unsere Topseller<\/p>\n","protected":false},"author":1,"featured_media":0,"parent":0,"menu_order":0,"comment_status":"closed","ping_status":"closed","template":"","meta":{"footnotes":""},"class_list":["post-80765","page","type-page","status-publish","hentry"],"_links":{"self":[{"href":"https:\/\/arbeitskleidung.de\/shop\/wp-json\/wp\/v2\/pages\/80765"}],"collection":[{"href":"https:\/\/arbeitskleidung.de\/shop\/wp-json\/wp\/v2\/pages"}],"about":[{"href":"https:\/\/arbeitskleidung.de\/shop\/wp-json\/wp\/v2\/types\/page"}],"author":[{"embeddable":true,"href":"https:\/\/arbeitskleidung.de\/shop\/wp-json\/wp\/v2\/users\/1"}],"replies":[{"embeddable":true,"href":"https:\/\/arbeitskleidung.de\/shop\/wp-json\/wp\/v2\/comments?post=80765"}],"version-history":[{"count":0,"href":"https:\/\/arbeitskleidung.de\/shop\/wp-json\/wp\/v2\/pages\/80765\/revisions"}],"wp:attachment":[{"href":"https:\/\/arbeitskleidung.de\/shop\/wp-json\/wp\/v2\/media?parent=80765"}],"curies":[{"name":"wp","href":"https:\/\/api.w.org\/{rel}","templated":true}]}}