{"id":102388,"date":"2022-01-14T11:02:18","date_gmt":"2022-01-14T09:02:18","guid":{"rendered":"https:\/\/arbeitskleidung.de\/shop\/produkt\/kochhut"},"modified":"2022-01-14T11:02:18","modified_gmt":"2022-01-14T09:02:18","slug":"kochhut","status":"publish","type":"product","link":"https:\/\/arbeitskleidung.de\/shop\/produkt\/kochhut","title":{"rendered":"Kochhut"},"content":{"rendered":"<p><strong>Kochhut<\/strong><br \/>\n100 % Baumwolle K\u00f6per<br \/>\nNetzstoffeinsatz,<br \/>\nKlettverschlu\u00df,<br \/>\npassend f\u00fcr alle Gr\u00f6\u00dfen.<\/p>\n","protected":false},"excerpt":{"rendered":"<p>Kochhut 100 % Baumwolle K\u00f6per Netzstoffeinsatz, Klettverschlu\u00df, passend f\u00fcr alle Gr\u00f6\u00dfen.<\/p>\n","protected":false},"featured_media":86862,"comment_status":"open","ping_status":"open","template":"","meta":[],"product_cat":[3144,779,3701,3166],"product_tag":[2833,3146],"class_list":["post-102388","product","type-product","status-publish","has-post-thumbnail","hentry","product_cat-kuechenkleidung-servicekleidung","product_cat-gastronomie-klinik","product_cat-sonderangebote-gastronomie-klinik","product_cat-sonderangebote-kuechenkleidung-servicekleidung","product_tag-m-s","product_tag-kuechenkleidung","pa_hersteller-m-s"],"_links":{"self":[{"href":"https:\/\/arbeitskleidung.de\/shop\/wp-json\/wp\/v2\/product\/102388"}],"collection":[{"href":"https:\/\/arbeitskleidung.de\/shop\/wp-json\/wp\/v2\/product"}],"about":[{"href":"https:\/\/arbeitskleidung.de\/shop\/wp-json\/wp\/v2\/types\/product"}],"replies":[{"embeddable":true,"href":"https:\/\/arbeitskleidung.de\/shop\/wp-json\/wp\/v2\/comments?post=102388"}],"wp:featuredmedia":[{"embeddable":true,"href":"https:\/\/arbeitskleidung.de\/shop\/wp-json\/wp\/v2\/media\/86862"}],"wp:attachment":[{"href":"https:\/\/arbeitskleidung.de\/shop\/wp-json\/wp\/v2\/media?parent=102388"}],"wp:term":[{"taxonomy":"product_cat","embeddable":true,"href":"https:\/\/arbeitskleidung.de\/shop\/wp-json\/wp\/v2\/product_cat?post=102388"},{"taxonomy":"product_tag","embeddable":true,"href":"https:\/\/arbeitskleidung.de\/shop\/wp-json\/wp\/v2\/product_tag?post=102388"}],"curies":[{"name":"wp","href":"https:\/\/api.w.org\/{rel}","templated":true}]}}