{"id":104557,"date":"2021-07-22T13:55:12","date_gmt":"2021-07-22T11:55:12","guid":{"rendered":"https:\/\/arbeitskleidung.de\/shop\/produkt\/cofra-sicherheitshalbschuh-3"},"modified":"2021-07-22T13:55:13","modified_gmt":"2021-07-22T11:55:13","slug":"cofra-sicherheitshalbschuh-3","status":"publish","type":"product","link":"https:\/\/arbeitskleidung.de\/shop\/produkt\/cofra-sicherheitshalbschuh-3","title":{"rendered":"COFRA Sicherheitshalbschuh"},"content":{"rendered":"<p><strong>COFRA Sicherheitshalbschuh<\/strong><br \/>\nPlus ALUMINIUM-Kappe 200 J leicht,<br \/>\nnicht metallische APT Plate ZWISCHENSOHLE<\/p>\n<p>Schaft:<br \/>\nLeder und BREATEX Stoff<\/p>\n<p>Futter:<br \/>\nSPHERA, 100% Polyamid, antibakteriell,<br \/>\natmungsaktiv, Ri\u00df- und Abriebfest dank<br \/>\nseiner besonderen Webart<\/p>\n<p>Fu\u00dfbett:<br \/>\nCofra Soft, anatomisches Fu\u00dfbett aus weichem,<br \/>\nbequemem und duftendem PU;<br \/>\ndas Design der unteren Schicht garantiert einen<br \/>\nschockabsorbierenden Effekt und<br \/>\nhohe Rutschfestigkeit;<br \/>\ndie obere Schicht nimmt den Schwei\u00df auf<br \/>\nund h\u00e4lt den Fu\u00df stets trocken<\/p>\n<p>Laufsohle: PU\/TPU<br \/>\nWeite 11 Mondopoint<\/p>\n","protected":false},"excerpt":{"rendered":"<p>COFRA Sicherheitshalbschuh Plus ALUMINIUM-Kappe 200 J leicht, nicht metallische APT Plate ZWISCHENSOHLE Schaft: Leder und BREATEX Stoff Futter: SPHERA, 100% Polyamid, antibakteriell, atmungsaktiv, Ri\u00df- und Abriebfest dank seiner besonderen Webart Fu\u00dfbett: Cofra Soft, anatomisches Fu\u00dfbett aus weichem, bequemem und duftendem PU; das Design der unteren Schicht garantiert einen schockabsorbierenden Effekt und hohe Rutschfestigkeit; die obere [&hellip;]<\/p>\n","protected":false},"featured_media":82863,"comment_status":"open","ping_status":"open","template":"","meta":[],"product_cat":[2903,823,1026,3271],"product_tag":[2872,2914],"class_list":["post-104557","product","type-product","status-publish","has-post-thumbnail","hentry","product_cat-cofra-sicherheitsschuhe","product_cat-industrie-handwerk","product_cat-berufsschuhe-schutzschuhe","product_cat-cofra-sicherheitsschuhe-industrie-handwerk","product_tag-cofra","product_tag-sicherheitsschuhe","pa_groesse-2897","pa_groesse-2876","pa_groesse-2898","pa_groesse-2877","pa_groesse-2899","pa_groesse-2878","pa_groesse-2900","pa_groesse-2891","pa_groesse-2901","pa_hersteller-cofra"],"_links":{"self":[{"href":"https:\/\/arbeitskleidung.de\/shop\/wp-json\/wp\/v2\/product\/104557"}],"collection":[{"href":"https:\/\/arbeitskleidung.de\/shop\/wp-json\/wp\/v2\/product"}],"about":[{"href":"https:\/\/arbeitskleidung.de\/shop\/wp-json\/wp\/v2\/types\/product"}],"replies":[{"embeddable":true,"href":"https:\/\/arbeitskleidung.de\/shop\/wp-json\/wp\/v2\/comments?post=104557"}],"wp:featuredmedia":[{"embeddable":true,"href":"https:\/\/arbeitskleidung.de\/shop\/wp-json\/wp\/v2\/media\/82863"}],"wp:attachment":[{"href":"https:\/\/arbeitskleidung.de\/shop\/wp-json\/wp\/v2\/media?parent=104557"}],"wp:term":[{"taxonomy":"product_cat","embeddable":true,"href":"https:\/\/arbeitskleidung.de\/shop\/wp-json\/wp\/v2\/product_cat?post=104557"},{"taxonomy":"product_tag","embeddable":true,"href":"https:\/\/arbeitskleidung.de\/shop\/wp-json\/wp\/v2\/product_tag?post=104557"}],"curies":[{"name":"wp","href":"https:\/\/api.w.org\/{rel}","templated":true}]}}