{"id":104603,"date":"2021-07-22T13:55:22","date_gmt":"2021-07-22T11:55:22","guid":{"rendered":"https:\/\/arbeitskleidung.de\/shop\/produkt\/cofra-sicherheitshalbschuh-5"},"modified":"2021-07-22T13:55:25","modified_gmt":"2021-07-22T11:55:25","slug":"cofra-sicherheitshalbschuh-5","status":"publish","type":"product","link":"https:\/\/arbeitskleidung.de\/shop\/produkt\/cofra-sicherheitshalbschuh-5","title":{"rendered":"COFRA Sicherheitshalbschuh"},"content":{"rendered":"<p><strong>COFRA Sicherheitshalbschuh<\/strong><br \/>\nPlus ALUMINIUM-Kappe 200 J leicht,<br \/>\nnicht metallische APT Plate ZWISCHENSOHLE<\/p>\n<p>Schaft:<br \/>\nwasserabweisendes Leder <\/p>\n<p>Futter:<br \/>\nSANY-DRY\u00ae antibakteriell, atmungsaktiv.<br \/>\nGarantiert optimale Abriebfestigkeit sowie eine<br \/>\nhohe Feuchtigkeitsaufnahme und-abgabe <\/p>\n<p>Fu\u00dfbett:<br \/>\nCofra Soft, anatomisches Fu\u00dfbett aus weichem,<br \/>\nbequemem und duftendem PU;<br \/>\ndas Design der unteren Schicht garantiert<br \/>\neinen schockabsorbierenden Effekt und<br \/>\nhohe Rutschfestigkeit; die obere Schicht nimmt<br \/>\nden Schwei\u00df auf und h\u00e4lt den Fu\u00df stets trocken <\/p>\n<p>Laufsohle: PU\/TPU<br \/>\nWeite 11 Mondopoint <\/p>\n<p>ab Gr\u00f6\u00dfe 36 und in den Farben Schwarz + Wei\u00df<\/p>\n","protected":false},"excerpt":{"rendered":"<p>COFRA Sicherheitshalbschuh Plus ALUMINIUM-Kappe 200 J leicht, nicht metallische APT Plate ZWISCHENSOHLE Schaft: wasserabweisendes Leder Futter: SANY-DRY\u00ae antibakteriell, atmungsaktiv. Garantiert optimale Abriebfestigkeit sowie eine hohe Feuchtigkeitsaufnahme und-abgabe Fu\u00dfbett: Cofra Soft, anatomisches Fu\u00dfbett aus weichem, bequemem und duftendem PU; das Design der unteren Schicht garantiert einen schockabsorbierenden Effekt und hohe Rutschfestigkeit; die obere Schicht nimmt den [&hellip;]<\/p>\n","protected":false},"featured_media":88098,"comment_status":"open","ping_status":"open","template":"","meta":[],"product_cat":[2903,823,1026,3271],"product_tag":[2872,2914],"class_list":["post-104603","product","type-product","status-publish","has-post-thumbnail","hentry","product_cat-cofra-sicherheitsschuhe","product_cat-industrie-handwerk","product_cat-berufsschuhe-schutzschuhe","product_cat-cofra-sicherheitsschuhe-industrie-handwerk","product_tag-cofra","product_tag-sicherheitsschuhe","pa_farbe-schwarz","pa_farbe-weiss","pa_groesse-2874","pa_groesse-2936","pa_groesse-2875","pa_groesse-2897","pa_groesse-2876","pa_groesse-2898","pa_groesse-2877","pa_groesse-2899","pa_groesse-2878","pa_groesse-2900","pa_groesse-2891","pa_groesse-2901","pa_hersteller-cofra"],"_links":{"self":[{"href":"https:\/\/arbeitskleidung.de\/shop\/wp-json\/wp\/v2\/product\/104603"}],"collection":[{"href":"https:\/\/arbeitskleidung.de\/shop\/wp-json\/wp\/v2\/product"}],"about":[{"href":"https:\/\/arbeitskleidung.de\/shop\/wp-json\/wp\/v2\/types\/product"}],"replies":[{"embeddable":true,"href":"https:\/\/arbeitskleidung.de\/shop\/wp-json\/wp\/v2\/comments?post=104603"}],"wp:featuredmedia":[{"embeddable":true,"href":"https:\/\/arbeitskleidung.de\/shop\/wp-json\/wp\/v2\/media\/88098"}],"wp:attachment":[{"href":"https:\/\/arbeitskleidung.de\/shop\/wp-json\/wp\/v2\/media?parent=104603"}],"wp:term":[{"taxonomy":"product_cat","embeddable":true,"href":"https:\/\/arbeitskleidung.de\/shop\/wp-json\/wp\/v2\/product_cat?post=104603"},{"taxonomy":"product_tag","embeddable":true,"href":"https:\/\/arbeitskleidung.de\/shop\/wp-json\/wp\/v2\/product_tag?post=104603"}],"curies":[{"name":"wp","href":"https:\/\/api.w.org\/{rel}","templated":true}]}}