{"id":104728,"date":"2021-07-22T13:55:48","date_gmt":"2021-07-22T11:55:48","guid":{"rendered":"https:\/\/arbeitskleidung.de\/shop\/produkt\/cofra-damensicherheitsschuh"},"modified":"2021-07-22T13:55:48","modified_gmt":"2021-07-22T11:55:48","slug":"cofra-damensicherheitsschuh","status":"publish","type":"product","link":"https:\/\/arbeitskleidung.de\/shop\/produkt\/cofra-damensicherheitsschuh","title":{"rendered":"COFRA Damensicherheitsschuh"},"content":{"rendered":"<p><strong>COFRA Damensicherheitsschuh<\/strong><br \/>\nS1 P SRC NORM: EN ISO 20345:2011<\/p>\n<p>SCHAFT: BREATEX Stoff mit besonderer dreidimensionaler<br \/>\nWebart, extrem atmungsaktiv und MICROTECH<br \/>\nAUSSENFUTTER: BREATEX Stoff, extrem atmungsaktiv<br \/>\nINNENFUTTER: SANY-DRY\u00ae 100% Polyester,<br \/>\ndreidimensional, atmungsaktiv, antibakteriell, Feuchtigkeitsaufnahme<br \/>\nund -abgabe, abriebfest<br \/>\nFUSSBETT: COFRA SOFT, anatomisches, antistatisches und<br \/>\ngelochtes Fu\u00dfbett aus weichem, bequemem und duftendem<br \/>\nPolyurethan; das Design der unteren Schicht garantiert einen<br \/>\nschockabsorbierenden Effekt; die obere Schicht<br \/>\nnimmt den Schwei\u00df auf und h\u00e4lt den Fu\u00df stets trocken<br \/>\nSOHLE: Polyurethan\/TPU<br \/>\nKAPPE: ALUMINIUM 200 J<br \/>\nDURCHTRITTSICHERE ZWISCHENSOHLE:<br \/>\nAPT PLATE &#8211; Zero Perforation, nichtmetallisch<br \/>\nWEITE: 11 Mondopoint<br \/>\nPLUS: Vorderkappe aus Leder<br \/>\nANWENDUNGSBEREICH: Frauenschuhe<\/p>\n","protected":false},"excerpt":{"rendered":"<p>COFRA Damensicherheitsschuh S1 P SRC NORM: EN ISO 20345:2011 SCHAFT: BREATEX Stoff mit besonderer dreidimensionaler Webart, extrem atmungsaktiv und MICROTECH AUSSENFUTTER: BREATEX Stoff, extrem atmungsaktiv INNENFUTTER: SANY-DRY\u00ae 100% Polyester, dreidimensional, atmungsaktiv, antibakteriell, Feuchtigkeitsaufnahme und -abgabe, abriebfest FUSSBETT: COFRA SOFT, anatomisches, antistatisches und gelochtes Fu\u00dfbett aus weichem, bequemem und duftendem Polyurethan; das Design der unteren Schicht [&hellip;]<\/p>\n","protected":false},"featured_media":95672,"comment_status":"open","ping_status":"open","template":"","meta":[],"product_cat":[2903,823,1026,3271],"product_tag":[2872,2914],"class_list":["post-104728","product","type-product","status-publish","has-post-thumbnail","hentry","product_cat-cofra-sicherheitsschuhe","product_cat-industrie-handwerk","product_cat-berufsschuhe-schutzschuhe","product_cat-cofra-sicherheitsschuhe-industrie-handwerk","product_tag-cofra","product_tag-sicherheitsschuhe","pa_groesse-2874","pa_groesse-2936","pa_groesse-2875","pa_groesse-2897","pa_groesse-2876","pa_groesse-2898","pa_hersteller-cofra"],"_links":{"self":[{"href":"https:\/\/arbeitskleidung.de\/shop\/wp-json\/wp\/v2\/product\/104728"}],"collection":[{"href":"https:\/\/arbeitskleidung.de\/shop\/wp-json\/wp\/v2\/product"}],"about":[{"href":"https:\/\/arbeitskleidung.de\/shop\/wp-json\/wp\/v2\/types\/product"}],"replies":[{"embeddable":true,"href":"https:\/\/arbeitskleidung.de\/shop\/wp-json\/wp\/v2\/comments?post=104728"}],"wp:featuredmedia":[{"embeddable":true,"href":"https:\/\/arbeitskleidung.de\/shop\/wp-json\/wp\/v2\/media\/95672"}],"wp:attachment":[{"href":"https:\/\/arbeitskleidung.de\/shop\/wp-json\/wp\/v2\/media?parent=104728"}],"wp:term":[{"taxonomy":"product_cat","embeddable":true,"href":"https:\/\/arbeitskleidung.de\/shop\/wp-json\/wp\/v2\/product_cat?post=104728"},{"taxonomy":"product_tag","embeddable":true,"href":"https:\/\/arbeitskleidung.de\/shop\/wp-json\/wp\/v2\/product_tag?post=104728"}],"curies":[{"name":"wp","href":"https:\/\/api.w.org\/{rel}","templated":true}]}}