{"id":104921,"date":"2022-03-07T10:10:14","date_gmt":"2022-03-07T08:10:14","guid":{"rendered":"https:\/\/arbeitskleidung.de\/shop\/produkt\/shorts"},"modified":"2022-03-07T10:10:15","modified_gmt":"2022-03-07T08:10:15","slug":"shorts","status":"publish","type":"product","link":"https:\/\/arbeitskleidung.de\/shop\/produkt\/shorts","title":{"rendered":"Shorts"},"content":{"rendered":"<p><strong>Shorts<\/strong><br \/>\n2 aufgesetzte Seitentaschen,<br \/>\n1 aufgesetzte Ges\u00e4\u00dftasche<br \/>\nmit Knopfverschlu\u00df<br \/>\n3 M Reflexstreifen<\/p>\n<p>Norm : EN 471 Klasse 1<\/p>\n","protected":false},"excerpt":{"rendered":"<p>Shorts 2 aufgesetzte Seitentaschen, 1 aufgesetzte Ges\u00e4\u00dftasche mit Knopfverschlu\u00df 3 M Reflexstreifen Norm : EN 471 Klasse 1<\/p>\n","protected":false},"featured_media":89952,"comment_status":"open","ping_status":"open","template":"","meta":[],"product_cat":[3255,823],"product_tag":[2791],"class_list":["post-104921","product","type-product","status-publish","has-post-thumbnail","hentry","product_cat-warnbekleidung","product_cat-industrie-handwerk","product_tag-arbeitskleidung","pa_groesse-2891","pa_groesse-2939","pa_groesse-3011","pa_groesse-3012","pa_groesse-3013","pa_groesse-3014","pa_groesse-3015","pa_groesse-3016","pa_groesse-3017","pa_groesse-3018","pa_hersteller-arbeitskleidung"],"_links":{"self":[{"href":"https:\/\/arbeitskleidung.de\/shop\/wp-json\/wp\/v2\/product\/104921"}],"collection":[{"href":"https:\/\/arbeitskleidung.de\/shop\/wp-json\/wp\/v2\/product"}],"about":[{"href":"https:\/\/arbeitskleidung.de\/shop\/wp-json\/wp\/v2\/types\/product"}],"replies":[{"embeddable":true,"href":"https:\/\/arbeitskleidung.de\/shop\/wp-json\/wp\/v2\/comments?post=104921"}],"wp:featuredmedia":[{"embeddable":true,"href":"https:\/\/arbeitskleidung.de\/shop\/wp-json\/wp\/v2\/media\/89952"}],"wp:attachment":[{"href":"https:\/\/arbeitskleidung.de\/shop\/wp-json\/wp\/v2\/media?parent=104921"}],"wp:term":[{"taxonomy":"product_cat","embeddable":true,"href":"https:\/\/arbeitskleidung.de\/shop\/wp-json\/wp\/v2\/product_cat?post=104921"},{"taxonomy":"product_tag","embeddable":true,"href":"https:\/\/arbeitskleidung.de\/shop\/wp-json\/wp\/v2\/product_tag?post=104921"}],"curies":[{"name":"wp","href":"https:\/\/api.w.org\/{rel}","templated":true}]}}

<p><strong>Shorts</strong><br />
2 aufgesetzte Seitentaschen,<br />
1 aufgesetzte Gesäßtasche<br />
mit Knopfverschluß<br />
3 M Reflexstreifen</p>
<p>Norm : EN 471 Klasse 1</p>

<p>Shorts 2 aufgesetzte Seitentaschen, 1 aufgesetzte Gesäßtasche mit Knopfverschluß 3 M Reflexstreifen Norm : EN 471 Klasse 1</p>
