{"id":107248,"date":"2022-03-07T10:21:23","date_gmt":"2022-03-07T08:21:23","guid":{"rendered":"https:\/\/arbeitskleidung.de\/shop\/produkt\/qualitex-softshelljacke"},"modified":"2022-03-07T10:21:25","modified_gmt":"2022-03-07T08:21:25","slug":"qualitex-softshelljacke","status":"publish","type":"product","link":"https:\/\/arbeitskleidung.de\/shop\/produkt\/qualitex-softshelljacke","title":{"rendered":"Qualitex Softshelljacke"},"content":{"rendered":"<p><strong>Qualitex Softshelljacke<\/strong><br \/>\nOberstoff: 94 % Polyester \/<br \/>\n6 % Elastan mit TPU-Membran, 3-lagig<\/p>\n<p>Innen\/Futter\/Wattierung: 100 % Polyester-Steppfutter<br \/>\nInnenkragen: Fleece<\/p>\n<p>Beschreibung:<br \/>\nStehkragen mit 2 Druckkn\u00f6pfen,<br \/>\nInnenkragen aus Fleece.<br \/>\nAbnehmbare Kapuze (Rei\u00dfverschluss) mit festem Steppfutter,<br \/>\nmit Tunnelzug regulierbar &#038; vorn mit doppeltem Klett verschlie\u00dfbar.<br \/>\n2 Brusttaschen mit verdecktem Kunststoff-Rei\u00dfverschluss.<br \/>\n2 Seitentaschen mit verdecktem Kunststoff-Rei\u00dfverschluss.<br \/>\n1 Innentasche links mit Kunststoff-Rei\u00dfverschluss.<br \/>\n1 Handytasche innenliegend rechts mit Klettpatte.<br \/>\nVerdeckter Einwege-YKK-Rei\u00dfverschluss mit Kinnschutz &#038; 4 Druckkn\u00f6pfen.<br \/>\nBundweitenregulierung mit Tunnelzugband.<br \/>\n\u00c4rmelb\u00fcndchen mit Klettverschluss regulierbar,<br \/>\nzus\u00e4tzlich Innen\u00e4rmelb\u00fcndchen aus Polyester.<br \/>\nReflexstreifen an Brusttaschen,<br \/>\nSeitentaschen, an den \u00c4rmeln hinten sowie am<br \/>\nR\u00fcckenkoller &#038; an den Seiten.<br \/>\nRubberbadge PRO-Label.<br \/>\nVerl\u00e4ngertes R\u00fcckenteil.<br \/>\nF\u00fcr individuelle Veredelung:<br \/>\nverdeckter Rei\u00dfverschluss im Innenfutter des R\u00fcckens.<\/p>\n","protected":false},"excerpt":{"rendered":"<p>Qualitex Softshelljacke Oberstoff: 94 % Polyester \/ 6 % Elastan mit TPU-Membran, 3-lagig Innen\/Futter\/Wattierung: 100 % Polyester-Steppfutter Innenkragen: Fleece Beschreibung: Stehkragen mit 2 Druckkn\u00f6pfen, Innenkragen aus Fleece. Abnehmbare Kapuze (Rei\u00dfverschluss) mit festem Steppfutter, mit Tunnelzug regulierbar &#038; vorn mit doppeltem Klett verschlie\u00dfbar. 2 Brusttaschen mit verdecktem Kunststoff-Rei\u00dfverschluss. 2 Seitentaschen mit verdecktem Kunststoff-Rei\u00dfverschluss. 1 Innentasche links [&hellip;]<\/p>\n","protected":false},"featured_media":90337,"comment_status":"open","ping_status":"open","template":"","meta":[],"product_cat":[823,3391,3277,3278,3252],"product_tag":[3085,3392,2791,3004],"class_list":["post-107248","product","type-product","status-publish","has-post-thumbnail","hentry","product_cat-industrie-handwerk","product_cat-berufsbekleidung-zweifarbig","product_cat-schlechtwetterkleidung","product_cat-winterbekleidung","product_cat-qualitex-arbeitskleidung","product_tag-softshelljacke","product_tag-berufsbekleidung","product_tag-arbeitskleidung","product_tag-qualitex","pa_farbe-grau-schwarz","pa_farbe-kornblau-schwarz","pa_farbe-schwarz-grau","pa_groesse-3-xl","pa_groesse-4-xl","pa_groesse-5-xl","pa_groesse-l","pa_groesse-m","pa_groesse-s","pa_groesse-xl","pa_groesse-xs","pa_groesse-xxl","pa_hersteller-qualitex"],"_links":{"self":[{"href":"https:\/\/arbeitskleidung.de\/shop\/wp-json\/wp\/v2\/product\/107248"}],"collection":[{"href":"https:\/\/arbeitskleidung.de\/shop\/wp-json\/wp\/v2\/product"}],"about":[{"href":"https:\/\/arbeitskleidung.de\/shop\/wp-json\/wp\/v2\/types\/product"}],"replies":[{"embeddable":true,"href":"https:\/\/arbeitskleidung.de\/shop\/wp-json\/wp\/v2\/comments?post=107248"}],"wp:featuredmedia":[{"embeddable":true,"href":"https:\/\/arbeitskleidung.de\/shop\/wp-json\/wp\/v2\/media\/90337"}],"wp:attachment":[{"href":"https:\/\/arbeitskleidung.de\/shop\/wp-json\/wp\/v2\/media?parent=107248"}],"wp:term":[{"taxonomy":"product_cat","embeddable":true,"href":"https:\/\/arbeitskleidung.de\/shop\/wp-json\/wp\/v2\/product_cat?post=107248"},{"taxonomy":"product_tag","embeddable":true,"href":"https:\/\/arbeitskleidung.de\/shop\/wp-json\/wp\/v2\/product_tag?post=107248"}],"curies":[{"name":"wp","href":"https:\/\/api.w.org\/{rel}","templated":true}]}}