{"id":108056,"date":"2025-11-04T16:53:56","date_gmt":"2025-11-04T14:53:56","guid":{"rendered":"https:\/\/arbeitskleidung.de\/shop\/produkt\/fhb-stretch-jeans-zunfthose"},"modified":"2025-11-04T16:53:57","modified_gmt":"2025-11-04T14:53:57","slug":"fhb-stretch-jeans-zunfthose","status":"publish","type":"product","link":"https:\/\/arbeitskleidung.de\/shop\/produkt\/fhb-stretch-jeans-zunfthose","title":{"rendered":"FHB Stretch-Jeans-Zunfthose"},"content":{"rendered":"<p><strong>FHB Stretch-Jeans-Zunfthose<\/strong><br \/>\nJeans Zunfthose LYCRA-STRETCH<br \/>\nMaterial:<br \/>\n98 % Baumwolle, 2 % Elasthan, 340 g\/qm<\/p>\n<p>Fu\u00dfweitenumfang 48 cm, 2 gro\u00dfe aufgesetzte Ges\u00e4\u00dftaschen,<br \/>\nschwarze FHB-typische Kunstleder-F\u00fcnfecke zur<br \/>\nTaschen- und Rei\u00dfverschlussverst\u00e4rkung,<br \/>\n1 Zollstocktasche,<br \/>\n1 Multifunktions-Beintasche incl. Zollstock-<br \/>\nund einer Handytasche.<\/p>\n<p>Farbe: SchwarzBlau<\/p>\n<p>Jeans-Zunfthose im Denim-Style,<br \/>\nso bequem mu\u00df eine Zunfthose sein.<br \/>\nDer Tragekomfort der Baumwolle mit einer angenehmen<br \/>\nBewegungsfreiheit machen diese Hose zum idealen Begleiter bei der Arbeit.<br \/>\nAltsilberne YKK-Rei\u00dfverschl\u00fcsse in der Luxus-Version:<br \/>\nsymetrische Z\u00e4hne, galvanisiert, poliert und extra stark<br \/>\ndurch massive Anfangs- und Endst\u00fccke.<br \/>\nSo bequem mu\u00df eine Zunfthose sein.<br \/>\nDiese Zunfthose produzieren wir in Osteuropa.<\/p>\n","protected":false},"excerpt":{"rendered":"<p>FHB Stretch-Jeans-Zunfthose Jeans Zunfthose LYCRA-STRETCH Material: 98 % Baumwolle, 2 % Elasthan, 340 g\/qm Fu\u00dfweitenumfang 48 cm, 2 gro\u00dfe aufgesetzte Ges\u00e4\u00dftaschen, schwarze FHB-typische Kunstleder-F\u00fcnfecke zur Taschen- und Rei\u00dfverschlussverst\u00e4rkung, 1 Zollstocktasche, 1 Multifunktions-Beintasche incl. Zollstock- und einer Handytasche. Farbe: SchwarzBlau Jeans-Zunfthose im Denim-Style, so bequem mu\u00df eine Zunfthose sein. Der Tragekomfort der Baumwolle mit einer angenehmen [&hellip;]<\/p>\n","protected":false},"featured_media":83575,"comment_status":"open","ping_status":"open","template":"","meta":[],"product_cat":[1025,2998,2988],"product_tag":[2865,2951,2977,2984,3005],"class_list":["post-108056","product","type-product","status-publish","has-post-thumbnail","hentry","product_cat-zunftbekleidung","product_cat-workerjeans-shorts","product_cat-fhb-workerjeans-arbeitshosen","product_tag-hose","product_tag-fhb","product_tag-zunfthose","product_tag-jeans","product_tag-arbeitshose","pa_groesse-2878","pa_groesse-2891","pa_groesse-2939","pa_groesse-3011","pa_groesse-3012","pa_groesse-3013","pa_groesse-3014","pa_groesse-3015","pa_groesse-3016","pa_groesse-3017","pa_groesse-3018","pa_groesse-3019","pa_hersteller-fhb"],"_links":{"self":[{"href":"https:\/\/arbeitskleidung.de\/shop\/wp-json\/wp\/v2\/product\/108056"}],"collection":[{"href":"https:\/\/arbeitskleidung.de\/shop\/wp-json\/wp\/v2\/product"}],"about":[{"href":"https:\/\/arbeitskleidung.de\/shop\/wp-json\/wp\/v2\/types\/product"}],"replies":[{"embeddable":true,"href":"https:\/\/arbeitskleidung.de\/shop\/wp-json\/wp\/v2\/comments?post=108056"}],"wp:featuredmedia":[{"embeddable":true,"href":"https:\/\/arbeitskleidung.de\/shop\/wp-json\/wp\/v2\/media\/83575"}],"wp:attachment":[{"href":"https:\/\/arbeitskleidung.de\/shop\/wp-json\/wp\/v2\/media?parent=108056"}],"wp:term":[{"taxonomy":"product_cat","embeddable":true,"href":"https:\/\/arbeitskleidung.de\/shop\/wp-json\/wp\/v2\/product_cat?post=108056"},{"taxonomy":"product_tag","embeddable":true,"href":"https:\/\/arbeitskleidung.de\/shop\/wp-json\/wp\/v2\/product_tag?post=108056"}],"curies":[{"name":"wp","href":"https:\/\/api.w.org\/{rel}","templated":true}]}}