{"id":108114,"date":"2025-11-04T16:54:40","date_gmt":"2025-11-04T14:54:40","guid":{"rendered":"https:\/\/arbeitskleidung.de\/shop\/produkt\/fhb-zunftweste-zwirn-doppel-pilot"},"modified":"2025-11-04T16:54:42","modified_gmt":"2025-11-04T14:54:42","slug":"fhb-zunftweste-zwirn-doppel-pilot","status":"publish","type":"product","link":"https:\/\/arbeitskleidung.de\/shop\/produkt\/fhb-zunftweste-zwirn-doppel-pilot","title":{"rendered":"FHB Zunftweste ZWIRN- DOPPEL- PILOT"},"content":{"rendered":"<p><strong>FHB Zunftweste ZWIRN- DOPPEL- PILOT<\/strong><br \/>\nFHB- Original Bielefelder<br \/>\n520 g\/m\u00b2<br \/>\nEinlaufwert: ca. 4 % in der L\u00e4nge<br \/>\nEigenschaften:<br \/>\nbesonders robust, hohe Scheuerfestigkeit,<br \/>\natmungsaktiv, angenehmer Tragekomfort<br \/>\ndurch aufgerauhte Innenseite,<br \/>\nfeuchtigkeitsabsorbierend,<br \/>\nSchutz vor Schwei\u00dffunken<\/p>\n<p>Material:<br \/>\n100 % Baumwolle <\/p>\n<p>Ausf\u00fchrung:<br \/>\nNierenschutz,<br \/>\nzweireihig, achtkn\u00f6pfig,<br \/>\n2 Au\u00dfentaschen, 1 Innentasche,<br \/>\nPerlmuttimitatkn\u00f6pfe, R\u00fcckenteil aus<br \/>\ngleicher Qualit\u00e4t wie Vorderteil,<br \/>\n1 R\u00fcckenschnallgurt.<\/p>\n<p>Farbe: Schwarz<\/p>\n","protected":false},"excerpt":{"rendered":"<p>FHB Zunftweste ZWIRN- DOPPEL- PILOT FHB- Original Bielefelder 520 g\/m\u00b2 Einlaufwert: ca. 4 % in der L\u00e4nge Eigenschaften: besonders robust, hohe Scheuerfestigkeit, atmungsaktiv, angenehmer Tragekomfort durch aufgerauhte Innenseite, feuchtigkeitsabsorbierend, Schutz vor Schwei\u00dffunken Material: 100 % Baumwolle Ausf\u00fchrung: Nierenschutz, zweireihig, achtkn\u00f6pfig, 2 Au\u00dfentaschen, 1 Innentasche, Perlmuttimitatkn\u00f6pfe, R\u00fcckenteil aus gleicher Qualit\u00e4t wie Vorderteil, 1 R\u00fcckenschnallgurt. Farbe: Schwarz<\/p>\n","protected":false},"featured_media":84050,"comment_status":"open","ping_status":"open","template":"","meta":[],"product_cat":[2990,1025],"product_tag":[2951,2975],"class_list":["post-108114","product","type-product","status-publish","has-post-thumbnail","hentry","product_cat-fhb-zunftwesten","product_cat-zunftbekleidung","product_tag-fhb","product_tag-zunftweste","pa_groesse-2878","pa_groesse-2891","pa_groesse-2939","pa_groesse-3011","pa_groesse-3012","pa_groesse-3013","pa_groesse-3014","pa_groesse-3015","pa_groesse-3016","pa_groesse-3017","pa_groesse-3018","pa_groesse-3019","pa_hersteller-fhb"],"_links":{"self":[{"href":"https:\/\/arbeitskleidung.de\/shop\/wp-json\/wp\/v2\/product\/108114"}],"collection":[{"href":"https:\/\/arbeitskleidung.de\/shop\/wp-json\/wp\/v2\/product"}],"about":[{"href":"https:\/\/arbeitskleidung.de\/shop\/wp-json\/wp\/v2\/types\/product"}],"replies":[{"embeddable":true,"href":"https:\/\/arbeitskleidung.de\/shop\/wp-json\/wp\/v2\/comments?post=108114"}],"wp:featuredmedia":[{"embeddable":true,"href":"https:\/\/arbeitskleidung.de\/shop\/wp-json\/wp\/v2\/media\/84050"}],"wp:attachment":[{"href":"https:\/\/arbeitskleidung.de\/shop\/wp-json\/wp\/v2\/media?parent=108114"}],"wp:term":[{"taxonomy":"product_cat","embeddable":true,"href":"https:\/\/arbeitskleidung.de\/shop\/wp-json\/wp\/v2\/product_cat?post=108114"},{"taxonomy":"product_tag","embeddable":true,"href":"https:\/\/arbeitskleidung.de\/shop\/wp-json\/wp\/v2\/product_tag?post=108114"}],"curies":[{"name":"wp","href":"https:\/\/api.w.org\/{rel}","templated":true}]}}