{"id":108202,"date":"2025-11-04T16:54:52","date_gmt":"2025-11-04T14:54:52","guid":{"rendered":"https:\/\/arbeitskleidung.de\/shop\/produkt\/fhb-zunftweste-trenckercord-2"},"modified":"2025-11-04T16:54:55","modified_gmt":"2025-11-04T14:54:55","slug":"fhb-zunftweste-trenckercord-2","status":"publish","type":"product","link":"https:\/\/arbeitskleidung.de\/shop\/produkt\/fhb-zunftweste-trenckercord-2","title":{"rendered":"FHB Zunftweste TRENCKERCORD"},"content":{"rendered":"<p><strong>FHB Zunftweste TRENCKERCORD<\/strong><br \/>\nFHB- Original Bielefelder<br \/>\n20-25 Rippen auf 10 cm L\u00e4nge<br \/>\n550 g\/m\u00b2<br \/>\nEinlaufwert: ca 1 % in der L\u00e4nge<br \/>\nEigenschaften:<br \/>\ntraditionelle FHB- Cordqualit\u00e4t<br \/>\nansteigende Rei\u00dffestigkeit<\/p>\n<p>Material:<br \/>\n85 % Baumwolle, 15 % Polyester<\/p>\n<p>Ausf\u00fchrung:<br \/>\nNierenschutz, zweireihig,<br \/>\nachtkn\u00f6pfig, 2 Au\u00dfentaschen,<br \/>\n1 Innentasche, Perlmuttimitatkn\u00f6pfe,<br \/>\nR\u00fcckenteil aus gleicher Qualit\u00e4t<br \/>\nVorderteil, 2 R\u00fcckenschnallgurte.<\/p>\n","protected":false},"excerpt":{"rendered":"<p>FHB Zunftweste TRENCKERCORD FHB- Original Bielefelder 20-25 Rippen auf 10 cm L\u00e4nge 550 g\/m\u00b2 Einlaufwert: ca 1 % in der L\u00e4nge Eigenschaften: traditionelle FHB- Cordqualit\u00e4t ansteigende Rei\u00dffestigkeit Material: 85 % Baumwolle, 15 % Polyester Ausf\u00fchrung: Nierenschutz, zweireihig, achtkn\u00f6pfig, 2 Au\u00dfentaschen, 1 Innentasche, Perlmuttimitatkn\u00f6pfe, R\u00fcckenteil aus gleicher Qualit\u00e4t Vorderteil, 2 R\u00fcckenschnallgurte.<\/p>\n","protected":false},"featured_media":84157,"comment_status":"open","ping_status":"open","template":"","meta":[],"product_cat":[2990,1025],"product_tag":[2951,2975],"class_list":["post-108202","product","type-product","status-publish","has-post-thumbnail","hentry","product_cat-fhb-zunftwesten","product_cat-zunftbekleidung","product_tag-fhb","product_tag-zunftweste","pa_farbe-beige","pa_farbe-schwarz","pa_groesse-2878","pa_groesse-2891","pa_groesse-2939","pa_groesse-3011","pa_groesse-3012","pa_groesse-3013","pa_groesse-3014","pa_groesse-3015","pa_groesse-3016","pa_groesse-3017","pa_groesse-3018","pa_groesse-3019","pa_hersteller-fhb"],"_links":{"self":[{"href":"https:\/\/arbeitskleidung.de\/shop\/wp-json\/wp\/v2\/product\/108202"}],"collection":[{"href":"https:\/\/arbeitskleidung.de\/shop\/wp-json\/wp\/v2\/product"}],"about":[{"href":"https:\/\/arbeitskleidung.de\/shop\/wp-json\/wp\/v2\/types\/product"}],"replies":[{"embeddable":true,"href":"https:\/\/arbeitskleidung.de\/shop\/wp-json\/wp\/v2\/comments?post=108202"}],"wp:featuredmedia":[{"embeddable":true,"href":"https:\/\/arbeitskleidung.de\/shop\/wp-json\/wp\/v2\/media\/84157"}],"wp:attachment":[{"href":"https:\/\/arbeitskleidung.de\/shop\/wp-json\/wp\/v2\/media?parent=108202"}],"wp:term":[{"taxonomy":"product_cat","embeddable":true,"href":"https:\/\/arbeitskleidung.de\/shop\/wp-json\/wp\/v2\/product_cat?post=108202"},{"taxonomy":"product_tag","embeddable":true,"href":"https:\/\/arbeitskleidung.de\/shop\/wp-json\/wp\/v2\/product_tag?post=108202"}],"curies":[{"name":"wp","href":"https:\/\/api.w.org\/{rel}","templated":true}]}}