{"id":108252,"date":"2025-11-04T16:55:10","date_gmt":"2025-11-04T14:55:10","guid":{"rendered":"https:\/\/arbeitskleidung.de\/shop\/produkt\/fhb-genuacord-short-genuacord"},"modified":"2025-11-04T16:55:12","modified_gmt":"2025-11-04T14:55:12","slug":"fhb-genuacord-short-genuacord","status":"publish","type":"product","link":"https:\/\/arbeitskleidung.de\/shop\/produkt\/fhb-genuacord-short-genuacord","title":{"rendered":"FHB Genuacord- Short GENUACORD"},"content":{"rendered":"<p><strong>FHB Genuacord- Short GENUACORD<\/strong><br \/>\nFHB- Original Bielefelder<br \/>\n24-43 Rippen auf 10 cm L\u00e4nge<br \/>\n440 g\/m\u00b2<br \/>\nEinlaufwert: ca 1 % in der L\u00e4nge<br \/>\nEigenschaften:<br \/>\natmungsaktiv durch hohen Baumwollanteil,<br \/>\nrobust, angenehmer Tragekomfort,<br \/>\nweniger w\u00e4rmespendend als<br \/>\nTrenckercord ( Sommerqualit\u00e4t )<\/p>\n<p>Material:<br \/>\n85 % Baumwolle, 15 % Polyester<\/p>\n<p>Ausf\u00fchrung:<br \/>\n1 Zollstocktasche.<\/p>\n<p>Farbe: Schwarz<\/p>\n","protected":false},"excerpt":{"rendered":"<p>FHB Genuacord- Short GENUACORD FHB- Original Bielefelder 24-43 Rippen auf 10 cm L\u00e4nge 440 g\/m\u00b2 Einlaufwert: ca 1 % in der L\u00e4nge Eigenschaften: atmungsaktiv durch hohen Baumwollanteil, robust, angenehmer Tragekomfort, weniger w\u00e4rmespendend als Trenckercord ( Sommerqualit\u00e4t ) Material: 85 % Baumwolle, 15 % Polyester Ausf\u00fchrung: 1 Zollstocktasche. Farbe: Schwarz<\/p>\n","protected":false},"featured_media":84255,"comment_status":"open","ping_status":"open","template":"","meta":[],"product_cat":[1025,2991,2998],"product_tag":[2951],"class_list":["post-108252","product","type-product","status-publish","has-post-thumbnail","hentry","product_cat-zunftbekleidung","product_cat-fhb-zunftshorts","product_cat-workerjeans-shorts","product_tag-fhb","pa_groesse-2876","pa_groesse-2877","pa_groesse-2878","pa_groesse-2891","pa_groesse-2939","pa_groesse-3011","pa_groesse-3012","pa_groesse-3013","pa_groesse-3014","pa_groesse-3015","pa_groesse-3016","pa_hersteller-fhb"],"_links":{"self":[{"href":"https:\/\/arbeitskleidung.de\/shop\/wp-json\/wp\/v2\/product\/108252"}],"collection":[{"href":"https:\/\/arbeitskleidung.de\/shop\/wp-json\/wp\/v2\/product"}],"about":[{"href":"https:\/\/arbeitskleidung.de\/shop\/wp-json\/wp\/v2\/types\/product"}],"replies":[{"embeddable":true,"href":"https:\/\/arbeitskleidung.de\/shop\/wp-json\/wp\/v2\/comments?post=108252"}],"wp:featuredmedia":[{"embeddable":true,"href":"https:\/\/arbeitskleidung.de\/shop\/wp-json\/wp\/v2\/media\/84255"}],"wp:attachment":[{"href":"https:\/\/arbeitskleidung.de\/shop\/wp-json\/wp\/v2\/media?parent=108252"}],"wp:term":[{"taxonomy":"product_cat","embeddable":true,"href":"https:\/\/arbeitskleidung.de\/shop\/wp-json\/wp\/v2\/product_cat?post=108252"},{"taxonomy":"product_tag","embeddable":true,"href":"https:\/\/arbeitskleidung.de\/shop\/wp-json\/wp\/v2\/product_tag?post=108252"}],"curies":[{"name":"wp","href":"https:\/\/api.w.org\/{rel}","templated":true}]}}

<p><strong>FHB Genuacord- Short GENUACORD</strong><br />
FHB- Original Bielefelder<br />
24-43 Rippen auf 10 cm Länge<br />
440 g/m²<br />
Einlaufwert: ca 1 % in der Länge<br />
Eigenschaften:<br />
atmungsaktiv durch hohen Baumwollanteil,<br />
robust, angenehmer Tragekomfort,<br />
weniger wärmespendend als<br />
Trenckercord ( Sommerqualität )</p>
<p>Material:<br />
85 % Baumwolle, 15 % Polyester</p>
<p>Ausführung:<br />
1 Zollstocktasche.</p>
<p>Farbe: Schwarz</p>

<p>FHB Genuacord- Short GENUACORD FHB- Original Bielefelder 24-43 Rippen auf 10 cm Länge 440 g/m² Einlaufwert: ca 1 % in der Länge Eigenschaften: atmungsaktiv durch hohen Baumwollanteil, robust, angenehmer Tragekomfort, weniger wärmespendend als Trenckercord ( Sommerqualität ) Material: 85 % Baumwolle, 15 % Polyester Ausführung: 1 Zollstocktasche. Farbe: Schwarz</p>
