{"id":108770,"date":"2025-11-04T16:56:32","date_gmt":"2025-11-04T14:56:32","guid":{"rendered":"https:\/\/arbeitskleidung.de\/shop\/produkt\/zunft-hosentraeger-uni"},"modified":"2025-11-04T16:56:33","modified_gmt":"2025-11-04T14:56:33","slug":"zunft-hosentraeger-uni","status":"publish","type":"product","link":"https:\/\/arbeitskleidung.de\/shop\/produkt\/zunft-hosentraeger-uni","title":{"rendered":"Zunft-Hosentr\u00e4ger uni"},"content":{"rendered":"<p><strong>Zunft-Hosentr\u00e4ger uni<\/strong><br \/>\n45 mm breite Herkulestr\u00e4ger,<br \/>\nrobuste Stahlclipse,<br \/>\nEchtlederr\u00fcckenkreuz<br \/>\n120 cm lang<\/p>\n","protected":false},"excerpt":{"rendered":"<p>Zunft-Hosentr\u00e4ger uni 45 mm breite Herkulestr\u00e4ger, robuste Stahlclipse, Echtlederr\u00fcckenkreuz 120 cm lang<\/p>\n","protected":false},"featured_media":84880,"comment_status":"open","ping_status":"open","template":"","meta":[],"product_cat":[1025,2995],"product_tag":[2951],"class_list":["post-108770","product","type-product","status-publish","has-post-thumbnail","hentry","product_cat-zunftbekleidung","product_cat-zunftaccessoires","product_tag-fhb","pa_farbe-beige","pa_farbe-blau","pa_farbe-grau","pa_farbe-rot","pa_farbe-schwarz","pa_hersteller-fhb"],"_links":{"self":[{"href":"https:\/\/arbeitskleidung.de\/shop\/wp-json\/wp\/v2\/product\/108770"}],"collection":[{"href":"https:\/\/arbeitskleidung.de\/shop\/wp-json\/wp\/v2\/product"}],"about":[{"href":"https:\/\/arbeitskleidung.de\/shop\/wp-json\/wp\/v2\/types\/product"}],"replies":[{"embeddable":true,"href":"https:\/\/arbeitskleidung.de\/shop\/wp-json\/wp\/v2\/comments?post=108770"}],"wp:featuredmedia":[{"embeddable":true,"href":"https:\/\/arbeitskleidung.de\/shop\/wp-json\/wp\/v2\/media\/84880"}],"wp:attachment":[{"href":"https:\/\/arbeitskleidung.de\/shop\/wp-json\/wp\/v2\/media?parent=108770"}],"wp:term":[{"taxonomy":"product_cat","embeddable":true,"href":"https:\/\/arbeitskleidung.de\/shop\/wp-json\/wp\/v2\/product_cat?post=108770"},{"taxonomy":"product_tag","embeddable":true,"href":"https:\/\/arbeitskleidung.de\/shop\/wp-json\/wp\/v2\/product_tag?post=108770"}],"curies":[{"name":"wp","href":"https:\/\/api.w.org\/{rel}","templated":true}]}}