{"id":109883,"date":"2023-01-31T12:48:31","date_gmt":"2023-01-31T10:48:31","guid":{"rendered":"https:\/\/arbeitskleidung.de\/shop\/produkt\/hakro-polo-casual"},"modified":"2023-01-31T12:48:39","modified_gmt":"2023-01-31T10:48:39","slug":"hakro-polo-casual","status":"publish","type":"product","link":"https:\/\/arbeitskleidung.de\/shop\/produkt\/hakro-polo-casual","title":{"rendered":"HAKRO Polo Casual"},"content":{"rendered":"<p><strong>HAKRO Polo Casual<\/strong><br \/>\nSportives Poloshirt mit Kontraststreifen im Polokragen<br \/>\nund an den \u00c4rmelb\u00fcndchen,<br \/>\nhochwertig verarbeiteter 3-Loch-Knopfleiste mit extrahaltbar<br \/>\nangen\u00e4hten, bruchsicheren Kn\u00f6pfen, Ton in Ton<br \/>\nmit dem gelaserten HAKRO-Schriftzug.<br \/>\nMit Ersatzknopf, Nackenband und doppelt<br \/>\ngeriegelten Seitenschlitzen.<br \/>\nHergestellt aus feinmaschigem Piqu\u00e9 aus langstapeliger,<br \/>\ngek\u00e4mmter und ringgesponnener Baumwolle.<br \/>\nGewebtes HAKRO-Necklabel aus hochwertigem Kettsatin<br \/>\nmit weichen, ultraschallgeschnittenen Bandkanten<br \/>\nf\u00fcr h\u00f6chsten Tragekomfort und<br \/>\ngewebtes HAKRO-Flaglabel an der linken Seitennaht.<\/p>\n<p>o Material: Piqu\u00e9 aus 100 % Baumwolle<br \/>\no Gewicht: 200 g\/m2<br \/>\no Ausr\u00fcstung: einlaufvorbehandelt<br \/>\no Passform: Comfort Fit<br \/>\no Zertifikate: OEKO-TEX\u00ae STANDARD 100<br \/>\no Waschtemperatur: max. 40 \u00b0C<\/p>\n","protected":false},"excerpt":{"rendered":"<p>HAKRO Polo Casual Sportives Poloshirt mit Kontraststreifen im Polokragen und an den \u00c4rmelb\u00fcndchen, hochwertig verarbeiteter 3-Loch-Knopfleiste mit extrahaltbar angen\u00e4hten, bruchsicheren Kn\u00f6pfen, Ton in Ton mit dem gelaserten HAKRO-Schriftzug. Mit Ersatzknopf, Nackenband und doppelt geriegelten Seitenschlitzen. Hergestellt aus feinmaschigem Piqu\u00e9 aus langstapeliger, gek\u00e4mmter und ringgesponnener Baumwolle. Gewebtes HAKRO-Necklabel aus hochwertigem Kettsatin mit weichen, ultraschallgeschnittenen Bandkanten f\u00fcr [&hellip;]<\/p>\n","protected":false},"featured_media":95624,"comment_status":"open","ping_status":"open","template":"","meta":[],"product_cat":[2809,3144,3145,2835,823,779,3132,3142,1027,3141,3308],"product_tag":[2810,2836,3135,3146],"class_list":["post-109883","product","type-product","status-publish","has-post-thumbnail","hentry","product_cat-hakro-activewear","product_cat-kuechenkleidung-servicekleidung","product_cat-servicehosen-oberbekleidung","product_cat-herren-t-shirt-polos","product_cat-industrie-handwerk","product_cat-gastronomie-klinik","product_cat-klinikkleidung-praxiskleidung-pflegekleidung","product_cat-herrenoberbekleidung","product_cat-t-shirt-unterwaesche","product_cat-hakro-activewear-gastronomie-klinik","product_cat-hakro-activewear-industrie-handwerk","product_tag-hakro","product_tag-polo","product_tag-pflegekleidung","product_tag-kuechenkleidung","pa_farbe-anthrazit-kiwi","pa_farbe-rot-schwarz","pa_farbe-royal-weiss","pa_farbe-schwarz-silber","pa_farbe-tinte-rot","pa_farbe-weiss-rot","pa_groesse-3-xl","pa_groesse-l","pa_groesse-m","pa_groesse-s","pa_groesse-xl","pa_groesse-xs","pa_groesse-xxl","pa_hersteller-hakro"],"_links":{"self":[{"href":"https:\/\/arbeitskleidung.de\/shop\/wp-json\/wp\/v2\/product\/109883"}],"collection":[{"href":"https:\/\/arbeitskleidung.de\/shop\/wp-json\/wp\/v2\/product"}],"about":[{"href":"https:\/\/arbeitskleidung.de\/shop\/wp-json\/wp\/v2\/types\/product"}],"replies":[{"embeddable":true,"href":"https:\/\/arbeitskleidung.de\/shop\/wp-json\/wp\/v2\/comments?post=109883"}],"wp:featuredmedia":[{"embeddable":true,"href":"https:\/\/arbeitskleidung.de\/shop\/wp-json\/wp\/v2\/media\/95624"}],"wp:attachment":[{"href":"https:\/\/arbeitskleidung.de\/shop\/wp-json\/wp\/v2\/media?parent=109883"}],"wp:term":[{"taxonomy":"product_cat","embeddable":true,"href":"https:\/\/arbeitskleidung.de\/shop\/wp-json\/wp\/v2\/product_cat?post=109883"},{"taxonomy":"product_tag","embeddable":true,"href":"https:\/\/arbeitskleidung.de\/shop\/wp-json\/wp\/v2\/product_tag?post=109883"}],"curies":[{"name":"wp","href":"https:\/\/api.w.org\/{rel}","templated":true}]}}