{"id":111643,"date":"2023-01-31T09:05:11","date_gmt":"2023-01-31T07:05:11","guid":{"rendered":"https:\/\/arbeitskleidung.de\/shop\/produkt\/bierbaum-proenen-bundhose-3"},"modified":"2023-01-31T09:05:30","modified_gmt":"2023-01-31T07:05:30","slug":"bierbaum-proenen-bundhose-3","status":"publish","type":"product","link":"https:\/\/arbeitskleidung.de\/shop\/produkt\/bierbaum-proenen-bundhose-3","title":{"rendered":"Bierbaum-Proenen Bundhose"},"content":{"rendered":"<p><strong>Bierbaum-Proenen Bundhose<\/strong><br \/>\nMischgewebe 300 g\/m\u00b2<br \/>\nJeansform, 2 Seitentaschen,<br \/>\n2 Ges\u00e4\u00dftaschen mit Patte verschlie\u00dfbar,<br \/>\n2 Schenkeltaschen, die rechte mit<br \/>\nintegrierter Zollstocktasche und<br \/>\ndie linke mit integrierter Handy-Tasche,<br \/>\ndoppelte G\u00fcrtelschlaufen f\u00fcr G\u00fcrtel<br \/>\nbis ca. 5 cm Breite, <\/p>\n<p>Knieverst\u00e4rkung aus Codura\u00ae als<br \/>\nEinschubtasche f\u00fcr Kniepolster. <\/p>\n<p>Material:<br \/>\n60 % Baumwolle \/ 40 % Polyester<\/p>\n","protected":false},"excerpt":{"rendered":"<p>Bierbaum-Proenen Bundhose Mischgewebe 300 g\/m\u00b2 Jeansform, 2 Seitentaschen, 2 Ges\u00e4\u00dftaschen mit Patte verschlie\u00dfbar, 2 Schenkeltaschen, die rechte mit integrierter Zollstocktasche und die linke mit integrierter Handy-Tasche, doppelte G\u00fcrtelschlaufen f\u00fcr G\u00fcrtel bis ca. 5 cm Breite, Knieverst\u00e4rkung aus Codura\u00ae als Einschubtasche f\u00fcr Kniepolster. Material: 60 % Baumwolle \/ 40 % Polyester<\/p>\n","protected":false},"featured_media":91694,"comment_status":"open","ping_status":"open","template":"","meta":[],"product_cat":[823,3452,3440],"product_tag":[3175,3199,3240,3258],"class_list":["post-111643","product","type-product","status-publish","has-post-thumbnail","hentry","product_cat-industrie-handwerk","product_cat-berufskleidung-workwear-einfarbig","product_cat-bierbaum-proenen-kollektion","product_tag-bierbaum-proenen","product_tag-bundhose","product_tag-guertel","product_tag-berufskleidung","pa_farbe-dunkelblau","pa_farbe-koenigsblau","pa_farbe-mittelgruen","pa_farbe-sand","pa_farbe-schwarz","pa_farbe-weiss","pa_groesse-3091","pa_groesse-3092","pa_groesse-3093","pa_groesse-3094","pa_groesse-2878","pa_groesse-2891","pa_groesse-2939","pa_groesse-3011","pa_groesse-3012","pa_groesse-3013","pa_groesse-3014","pa_groesse-3015","pa_groesse-3016","pa_groesse-3017","pa_groesse-3018","pa_groesse-2986","pa_groesse-3089","pa_groesse-3090","pa_hersteller-bierbaum-proenen"],"_links":{"self":[{"href":"https:\/\/arbeitskleidung.de\/shop\/wp-json\/wp\/v2\/product\/111643"}],"collection":[{"href":"https:\/\/arbeitskleidung.de\/shop\/wp-json\/wp\/v2\/product"}],"about":[{"href":"https:\/\/arbeitskleidung.de\/shop\/wp-json\/wp\/v2\/types\/product"}],"replies":[{"embeddable":true,"href":"https:\/\/arbeitskleidung.de\/shop\/wp-json\/wp\/v2\/comments?post=111643"}],"wp:featuredmedia":[{"embeddable":true,"href":"https:\/\/arbeitskleidung.de\/shop\/wp-json\/wp\/v2\/media\/91694"}],"wp:attachment":[{"href":"https:\/\/arbeitskleidung.de\/shop\/wp-json\/wp\/v2\/media?parent=111643"}],"wp:term":[{"taxonomy":"product_cat","embeddable":true,"href":"https:\/\/arbeitskleidung.de\/shop\/wp-json\/wp\/v2\/product_cat?post=111643"},{"taxonomy":"product_tag","embeddable":true,"href":"https:\/\/arbeitskleidung.de\/shop\/wp-json\/wp\/v2\/product_tag?post=111643"}],"curies":[{"name":"wp","href":"https:\/\/api.w.org\/{rel}","templated":true}]}}

<p><strong>Bierbaum-Proenen Bundhose</strong><br />
Mischgewebe 300 g/m²<br />
Jeansform, 2 Seitentaschen,<br />
2 Gesäßtaschen mit Patte verschließbar,<br />
2 Schenkeltaschen, die rechte mit<br />
integrierter Zollstocktasche und<br />
die linke mit integrierter Handy-Tasche,<br />
doppelte Gürtelschlaufen für Gürtel<br />
bis ca. 5 cm Breite, </p>
<p>Knieverstärkung aus Codura® als<br />
Einschubtasche für Kniepolster. </p>
<p>Material:<br />
60 % Baumwolle / 40 % Polyester</p>

<p>Bierbaum-Proenen Bundhose Mischgewebe 300 g/m² Jeansform, 2 Seitentaschen, 2 Gesäßtaschen mit Patte verschließbar, 2 Schenkeltaschen, die rechte mit integrierter Zollstocktasche und die linke mit integrierter Handy-Tasche, doppelte Gürtelschlaufen für Gürtel bis ca. 5 cm Breite, Knieverstärkung aus Codura® als Einschubtasche für Kniepolster. Material: 60 % Baumwolle / 40 % Polyester</p>
