{"id":111917,"date":"2023-01-31T09:06:10","date_gmt":"2023-01-31T07:06:10","guid":{"rendered":"https:\/\/arbeitskleidung.de\/shop\/produkt\/bierbaum-proenen-bundhose-4"},"modified":"2023-01-31T09:06:32","modified_gmt":"2023-01-31T07:06:32","slug":"bierbaum-proenen-bundhose-4","status":"publish","type":"product","link":"https:\/\/arbeitskleidung.de\/shop\/produkt\/bierbaum-proenen-bundhose-4","title":{"rendered":"Bierbaum-Proenen Bundhose"},"content":{"rendered":"<p><strong>Bierbaum-Proenen Bundhose<\/strong><br \/>\n100 % Baumwolle 300 g\/m\u00b2<br \/>\nGummizug im R\u00fccken,<br \/>\nBundfalten,<br \/>\nSchlitzrei\u00dfverschlu\u00df,<br \/>\n1 Schenkeltasche mit aufgesetzter<br \/>\nverschlie\u00dfbarer Handy-Tasche,<br \/>\n2 Seitentaschen,<br \/>\ndoppelte Zollstocktasche,<br \/>\n1 verschlie\u00dfbare Ges\u00e4\u00dftasche,<br \/>\n Knieeinschubtaschen<\/p>\n","protected":false},"excerpt":{"rendered":"<p>Bierbaum-Proenen Bundhose 100 % Baumwolle 300 g\/m\u00b2 Gummizug im R\u00fccken, Bundfalten, Schlitzrei\u00dfverschlu\u00df, 1 Schenkeltasche mit aufgesetzter verschlie\u00dfbarer Handy-Tasche, 2 Seitentaschen, doppelte Zollstocktasche, 1 verschlie\u00dfbare Ges\u00e4\u00dftasche, Knieeinschubtaschen<\/p>\n","protected":false},"featured_media":91979,"comment_status":"open","ping_status":"open","template":"","meta":[],"product_cat":[823,3452,3440],"product_tag":[3175,3199,3258],"class_list":["post-111917","product","type-product","status-publish","has-post-thumbnail","hentry","product_cat-industrie-handwerk","product_cat-berufskleidung-workwear-einfarbig","product_cat-bierbaum-proenen-kollektion","product_tag-bierbaum-proenen","product_tag-bundhose","product_tag-berufskleidung","pa_farbe-dunkelblau","pa_farbe-koenigsblau","pa_farbe-mittelgruen","pa_farbe-sand","pa_farbe-weiss","pa_groesse-3091","pa_groesse-3092","pa_groesse-3093","pa_groesse-3094","pa_groesse-3235","pa_groesse-3200","pa_groesse-3236","pa_groesse-3201","pa_groesse-3237","pa_groesse-2878","pa_groesse-2891","pa_groesse-2939","pa_groesse-3011","pa_groesse-3012","pa_groesse-3013","pa_groesse-3014","pa_groesse-3015","pa_groesse-3016","pa_groesse-3017","pa_groesse-3018","pa_groesse-2986","pa_groesse-3089","pa_groesse-3090","pa_hersteller-bierbaum-proenen"],"_links":{"self":[{"href":"https:\/\/arbeitskleidung.de\/shop\/wp-json\/wp\/v2\/product\/111917"}],"collection":[{"href":"https:\/\/arbeitskleidung.de\/shop\/wp-json\/wp\/v2\/product"}],"about":[{"href":"https:\/\/arbeitskleidung.de\/shop\/wp-json\/wp\/v2\/types\/product"}],"replies":[{"embeddable":true,"href":"https:\/\/arbeitskleidung.de\/shop\/wp-json\/wp\/v2\/comments?post=111917"}],"wp:featuredmedia":[{"embeddable":true,"href":"https:\/\/arbeitskleidung.de\/shop\/wp-json\/wp\/v2\/media\/91979"}],"wp:attachment":[{"href":"https:\/\/arbeitskleidung.de\/shop\/wp-json\/wp\/v2\/media?parent=111917"}],"wp:term":[{"taxonomy":"product_cat","embeddable":true,"href":"https:\/\/arbeitskleidung.de\/shop\/wp-json\/wp\/v2\/product_cat?post=111917"},{"taxonomy":"product_tag","embeddable":true,"href":"https:\/\/arbeitskleidung.de\/shop\/wp-json\/wp\/v2\/product_tag?post=111917"}],"curies":[{"name":"wp","href":"https:\/\/api.w.org\/{rel}","templated":true}]}}