{"id":112784,"date":"2023-01-31T12:09:15","date_gmt":"2023-01-31T10:09:15","guid":{"rendered":"https:\/\/arbeitskleidung.de\/shop\/produkt\/bierbaum-proenen-unikasack-2"},"modified":"2023-01-31T12:09:16","modified_gmt":"2023-01-31T10:09:16","slug":"bierbaum-proenen-unikasack-2","status":"publish","type":"product","link":"https:\/\/arbeitskleidung.de\/shop\/produkt\/bierbaum-proenen-unikasack-2","title":{"rendered":"Bierbaum-Proenen Unikasack"},"content":{"rendered":"<p><strong>Bierbaum-Proenen Unikasack<\/strong><br \/>\nSchlupfkasack f\u00fcr Sie &#038; Ihn<br \/>\n1\/2-Arm, Spatenkragen mit 1 Druckknopf,<br \/>\n1 Brusttasche, 2 Seitentaschen, Seitenschlitze,<br \/>\nL\u00e4nge 78 cm<\/p>\n<p>50 % Baumwolle\/50 % Polyester,<br \/>\nCOMFORTEC\u00ae, kochfest, chlorecht, pflegeleicht,<br \/>\nIndustriew\u00e4sche-geeignet<\/p>\n<p>Gr\u00f6\u00dfen: XS-S-M-L-XL-XXL-XXXL<\/p>\n","protected":false},"excerpt":{"rendered":"<p>Bierbaum-Proenen Unikasack Schlupfkasack f\u00fcr Sie &#038; Ihn 1\/2-Arm, Spatenkragen mit 1 Druckknopf, 1 Brusttasche, 2 Seitentaschen, Seitenschlitze, L\u00e4nge 78 cm 50 % Baumwolle\/50 % Polyester, COMFORTEC\u00ae, kochfest, chlorecht, pflegeleicht, Industriew\u00e4sche-geeignet Gr\u00f6\u00dfen: XS-S-M-L-XL-XXL-XXXL<\/p>\n","protected":false},"featured_media":87203,"comment_status":"open","ping_status":"open","template":"","meta":[],"product_cat":[779,3137,3132],"product_tag":[3135,3175],"class_list":["post-112784","product","type-product","status-publish","has-post-thumbnail","hentry","product_cat-gastronomie-klinik","product_cat-damenkasacks","product_cat-klinikkleidung-praxiskleidung-pflegekleidung","product_tag-pflegekleidung","product_tag-bierbaum-proenen","pa_groesse-l","pa_groesse-m","pa_groesse-s","pa_groesse-xl","pa_groesse-xs","pa_groesse-xxl","pa_groesse-xxxl","pa_hersteller-bierbaum-proenen"],"_links":{"self":[{"href":"https:\/\/arbeitskleidung.de\/shop\/wp-json\/wp\/v2\/product\/112784"}],"collection":[{"href":"https:\/\/arbeitskleidung.de\/shop\/wp-json\/wp\/v2\/product"}],"about":[{"href":"https:\/\/arbeitskleidung.de\/shop\/wp-json\/wp\/v2\/types\/product"}],"replies":[{"embeddable":true,"href":"https:\/\/arbeitskleidung.de\/shop\/wp-json\/wp\/v2\/comments?post=112784"}],"wp:featuredmedia":[{"embeddable":true,"href":"https:\/\/arbeitskleidung.de\/shop\/wp-json\/wp\/v2\/media\/87203"}],"wp:attachment":[{"href":"https:\/\/arbeitskleidung.de\/shop\/wp-json\/wp\/v2\/media?parent=112784"}],"wp:term":[{"taxonomy":"product_cat","embeddable":true,"href":"https:\/\/arbeitskleidung.de\/shop\/wp-json\/wp\/v2\/product_cat?post=112784"},{"taxonomy":"product_tag","embeddable":true,"href":"https:\/\/arbeitskleidung.de\/shop\/wp-json\/wp\/v2\/product_tag?post=112784"}],"curies":[{"name":"wp","href":"https:\/\/api.w.org\/{rel}","templated":true}]}}

<p><strong>Bierbaum-Proenen Unikasack</strong><br />
Schlupfkasack für Sie &#038; Ihn<br />
1/2-Arm, Spatenkragen mit 1 Druckknopf,<br />
1 Brusttasche, 2 Seitentaschen, Seitenschlitze,<br />
Länge 78 cm</p>
<p>50 % Baumwolle/50 % Polyester,<br />
COMFORTEC®, kochfest, chlorecht, pflegeleicht,<br />
Industriewäsche-geeignet</p>
<p>Größen: XS-S-M-L-XL-XXL-XXXL</p>

<p>Bierbaum-Proenen Unikasack Schlupfkasack für Sie &#038; Ihn 1/2-Arm, Spatenkragen mit 1 Druckknopf, 1 Brusttasche, 2 Seitentaschen, Seitenschlitze, Länge 78 cm 50 % Baumwolle/50 % Polyester, COMFORTEC®, kochfest, chlorecht, pflegeleicht, Industriewäsche-geeignet Größen: XS-S-M-L-XL-XXL-XXXL</p>
