{"id":112841,"date":"2023-01-31T12:14:10","date_gmt":"2023-01-31T10:14:10","guid":{"rendered":"https:\/\/arbeitskleidung.de\/shop\/produkt\/bierbaum-proenen-damenjeans"},"modified":"2023-01-31T12:14:12","modified_gmt":"2023-01-31T10:14:12","slug":"bierbaum-proenen-damenjeans","status":"publish","type":"product","link":"https:\/\/arbeitskleidung.de\/shop\/produkt\/bierbaum-proenen-damenjeans","title":{"rendered":"Bierbaum-Proenen Damenjeans"},"content":{"rendered":"<p><strong>Bierbaum-Proenen Damenjeans<\/strong><br \/>\nFive-Pocket Form,<br \/>\n2 Seitentaschen, 1 Uhrtasche,<br \/>\n2 Ges\u00e4\u00dftaschen mit Zierstepp,<br \/>\n2 Schenkeltaschen mit Patte davon<br \/>\n1 mit Handy-Tasche und eine<br \/>\nmit aufgesetzter Stifttasche,<br \/>\nNieten,<br \/>\n230 g\/m\u00b2 Mischgewebe mit Stretchanteil,<br \/>\n48 % Baumwolle \/ 48 % Polyester \/ 4 % Elastolefin<br \/>\nComfortec Stretch\u00ae<br \/>\nIndustriew\u00e4sche-geeignet nach ISO 15797<br \/>\nniedrige Leibh\u00f6he,<br \/>\nfigurbetont, \u00d6ko-Tex Standard 100<br \/>\nSuperelastisch: 20 % Dehnf\u00e4higkeit,<br \/>\nerstklassiger Tragekomfort,<br \/>\nL\u00e4nge: 80 cm<\/p>\n<p>Gr\u00f6ssen: 34-36-38-40-42-44-44-46-48-50-52-54<\/p>\n","protected":false},"excerpt":{"rendered":"<p>Bierbaum-Proenen Damenjeans Five-Pocket Form, 2 Seitentaschen, 1 Uhrtasche, 2 Ges\u00e4\u00dftaschen mit Zierstepp, 2 Schenkeltaschen mit Patte davon 1 mit Handy-Tasche und eine mit aufgesetzter Stifttasche, Nieten, 230 g\/m\u00b2 Mischgewebe mit Stretchanteil, 48 % Baumwolle \/ 48 % Polyester \/ 4 % Elastolefin Comfortec Stretch\u00ae Industriew\u00e4sche-geeignet nach ISO 15797 niedrige Leibh\u00f6he, figurbetont, \u00d6ko-Tex Standard 100 Superelastisch: [&hellip;]<\/p>\n","protected":false},"featured_media":87144,"comment_status":"open","ping_status":"open","template":"","meta":[],"product_cat":[3133,779,3132],"product_tag":[3135,3175],"class_list":["post-112841","product","type-product","status-publish","has-post-thumbnail","hentry","product_cat-damenhosen","product_cat-gastronomie-klinik","product_cat-klinikkleidung-praxiskleidung-pflegekleidung","product_tag-pflegekleidung","product_tag-bierbaum-proenen","pa_groesse-3069","pa_groesse-2874","pa_groesse-2875","pa_groesse-2876","pa_groesse-2877","pa_groesse-2878","pa_groesse-2891","pa_groesse-2939","pa_groesse-3011","pa_groesse-3012","pa_groesse-3013","pa_hersteller-bierbaum-proenen"],"_links":{"self":[{"href":"https:\/\/arbeitskleidung.de\/shop\/wp-json\/wp\/v2\/product\/112841"}],"collection":[{"href":"https:\/\/arbeitskleidung.de\/shop\/wp-json\/wp\/v2\/product"}],"about":[{"href":"https:\/\/arbeitskleidung.de\/shop\/wp-json\/wp\/v2\/types\/product"}],"replies":[{"embeddable":true,"href":"https:\/\/arbeitskleidung.de\/shop\/wp-json\/wp\/v2\/comments?post=112841"}],"wp:featuredmedia":[{"embeddable":true,"href":"https:\/\/arbeitskleidung.de\/shop\/wp-json\/wp\/v2\/media\/87144"}],"wp:attachment":[{"href":"https:\/\/arbeitskleidung.de\/shop\/wp-json\/wp\/v2\/media?parent=112841"}],"wp:term":[{"taxonomy":"product_cat","embeddable":true,"href":"https:\/\/arbeitskleidung.de\/shop\/wp-json\/wp\/v2\/product_cat?post=112841"},{"taxonomy":"product_tag","embeddable":true,"href":"https:\/\/arbeitskleidung.de\/shop\/wp-json\/wp\/v2\/product_tag?post=112841"}],"curies":[{"name":"wp","href":"https:\/\/api.w.org\/{rel}","templated":true}]}}