{"id":112861,"date":"2023-01-31T12:20:30","date_gmt":"2023-01-31T10:20:30","guid":{"rendered":"https:\/\/arbeitskleidung.de\/shop\/produkt\/bierbaum-proenen-unisexmantel-2"},"modified":"2023-01-31T12:20:32","modified_gmt":"2023-01-31T10:20:32","slug":"bierbaum-proenen-unisexmantel-2","status":"publish","type":"product","link":"https:\/\/arbeitskleidung.de\/shop\/produkt\/bierbaum-proenen-unisexmantel-2","title":{"rendered":"Bierbaum-Proenen Unisexmantel"},"content":{"rendered":"<p><strong>Bierbaum-Proenen Unisexmantel<\/strong><br \/>\n1\/1 Arm, Stehkragen,<br \/>\nverdeckte Druckknopfleiste,<br \/>\n1 Brusttasche, 2 Seitentaschen,<br \/>\nR\u00fcckenschlitz,<br \/>\n205 g\/m\u00b2 reine Baumwolle<br \/>\n\u00d6ko-Tex Standard 100<br \/>\nL\u00e4nge:103 cm<\/p>\n<p>Gr\u00f6\u00dfen: XXS-XS-S-M-L-XL-XXL-3-XL<\/p>\n","protected":false},"excerpt":{"rendered":"<p>Bierbaum-Proenen Unisexmantel 1\/1 Arm, Stehkragen, verdeckte Druckknopfleiste, 1 Brusttasche, 2 Seitentaschen, R\u00fcckenschlitz, 205 g\/m\u00b2 reine Baumwolle \u00d6ko-Tex Standard 100 L\u00e4nge:103 cm Gr\u00f6\u00dfen: XXS-XS-S-M-L-XL-XXL-3-XL<\/p>\n","protected":false},"featured_media":87038,"comment_status":"open","ping_status":"open","template":"","meta":[],"product_cat":[3136,779,3132,3239],"product_tag":[3135,3175],"class_list":["post-112861","product","type-product","status-publish","has-post-thumbnail","hentry","product_cat-damenmaentel","product_cat-gastronomie-klinik","product_cat-klinikkleidung-praxiskleidung-pflegekleidung","product_cat-herrenmaentel","product_tag-pflegekleidung","product_tag-bierbaum-proenen","pa_groesse-3-xl","pa_groesse-l","pa_groesse-m","pa_groesse-s","pa_groesse-xl","pa_groesse-xs","pa_groesse-xxl","pa_groesse-xxs","pa_hersteller-bierbaum-proenen"],"_links":{"self":[{"href":"https:\/\/arbeitskleidung.de\/shop\/wp-json\/wp\/v2\/product\/112861"}],"collection":[{"href":"https:\/\/arbeitskleidung.de\/shop\/wp-json\/wp\/v2\/product"}],"about":[{"href":"https:\/\/arbeitskleidung.de\/shop\/wp-json\/wp\/v2\/types\/product"}],"replies":[{"embeddable":true,"href":"https:\/\/arbeitskleidung.de\/shop\/wp-json\/wp\/v2\/comments?post=112861"}],"wp:featuredmedia":[{"embeddable":true,"href":"https:\/\/arbeitskleidung.de\/shop\/wp-json\/wp\/v2\/media\/87038"}],"wp:attachment":[{"href":"https:\/\/arbeitskleidung.de\/shop\/wp-json\/wp\/v2\/media?parent=112861"}],"wp:term":[{"taxonomy":"product_cat","embeddable":true,"href":"https:\/\/arbeitskleidung.de\/shop\/wp-json\/wp\/v2\/product_cat?post=112861"},{"taxonomy":"product_tag","embeddable":true,"href":"https:\/\/arbeitskleidung.de\/shop\/wp-json\/wp\/v2\/product_tag?post=112861"}],"curies":[{"name":"wp","href":"https:\/\/api.w.org\/{rel}","templated":true}]}}

<p><strong>Bierbaum-Proenen Unisexmantel</strong><br />
1/1 Arm, Stehkragen,<br />
verdeckte Druckknopfleiste,<br />
1 Brusttasche, 2 Seitentaschen,<br />
Rückenschlitz,<br />
205 g/m² reine Baumwolle<br />
Öko-Tex Standard 100<br />
Länge:103 cm</p>
<p>Größen: XXS-XS-S-M-L-XL-XXL-3-XL</p>

<p>Bierbaum-Proenen Unisexmantel 1/1 Arm, Stehkragen, verdeckte Druckknopfleiste, 1 Brusttasche, 2 Seitentaschen, Rückenschlitz, 205 g/m² reine Baumwolle Öko-Tex Standard 100 Länge:103 cm Größen: XXS-XS-S-M-L-XL-XXL-3-XL</p>
