{"id":112879,"date":"2023-01-31T12:20:41","date_gmt":"2023-01-31T10:20:41","guid":{"rendered":"https:\/\/arbeitskleidung.de\/shop\/produkt\/bierbaum-proenen-damenmantel-2"},"modified":"2023-01-31T12:20:44","modified_gmt":"2023-01-31T10:20:44","slug":"bierbaum-proenen-damenmantel-2","status":"publish","type":"product","link":"https:\/\/arbeitskleidung.de\/shop\/produkt\/bierbaum-proenen-damenmantel-2","title":{"rendered":"Bierbaum-Proenen Damenmantel"},"content":{"rendered":"<p><strong>Bierbaum-Proenen Damenmantel<\/strong><br \/>\n1\/1 Arm, Reversragen,<br \/>\nverdeckte Druckknopfleiste,<br \/>\n1 Brusttasche, 2 Seitentaschen,<br \/>\nR\u00fcckenschlitz, R\u00fcckengurt,<br \/>\n205 g\/m\u00b2 reine Baumwolle<br \/>\n\u00d6ko-Tex Standard 100<br \/>\nL\u00e4nge:105 cm<\/p>\n<p>Gr\u00f6\u00dfen: 32-34-36-38-40-42-44-46-48-50-52-54<\/p>\n","protected":false},"excerpt":{"rendered":"<p>Bierbaum-Proenen Damenmantel 1\/1 Arm, Reversragen, verdeckte Druckknopfleiste, 1 Brusttasche, 2 Seitentaschen, R\u00fcckenschlitz, R\u00fcckengurt, 205 g\/m\u00b2 reine Baumwolle \u00d6ko-Tex Standard 100 L\u00e4nge:105 cm Gr\u00f6\u00dfen: 32-34-36-38-40-42-44-46-48-50-52-54<\/p>\n","protected":false},"featured_media":87097,"comment_status":"open","ping_status":"open","template":"","meta":[],"product_cat":[3136,779,3132],"product_tag":[3135,3175],"class_list":["post-112879","product","type-product","status-publish","has-post-thumbnail","hentry","product_cat-damenmaentel","product_cat-gastronomie-klinik","product_cat-klinikkleidung-praxiskleidung-pflegekleidung","product_tag-pflegekleidung","product_tag-bierbaum-proenen","pa_groesse-3163","pa_groesse-3069","pa_groesse-2874","pa_groesse-2875","pa_groesse-2876","pa_groesse-2877","pa_groesse-2878","pa_groesse-2891","pa_groesse-2939","pa_groesse-3011","pa_groesse-3012","pa_groesse-3013","pa_hersteller-bierbaum-proenen"],"_links":{"self":[{"href":"https:\/\/arbeitskleidung.de\/shop\/wp-json\/wp\/v2\/product\/112879"}],"collection":[{"href":"https:\/\/arbeitskleidung.de\/shop\/wp-json\/wp\/v2\/product"}],"about":[{"href":"https:\/\/arbeitskleidung.de\/shop\/wp-json\/wp\/v2\/types\/product"}],"replies":[{"embeddable":true,"href":"https:\/\/arbeitskleidung.de\/shop\/wp-json\/wp\/v2\/comments?post=112879"}],"wp:featuredmedia":[{"embeddable":true,"href":"https:\/\/arbeitskleidung.de\/shop\/wp-json\/wp\/v2\/media\/87097"}],"wp:attachment":[{"href":"https:\/\/arbeitskleidung.de\/shop\/wp-json\/wp\/v2\/media?parent=112879"}],"wp:term":[{"taxonomy":"product_cat","embeddable":true,"href":"https:\/\/arbeitskleidung.de\/shop\/wp-json\/wp\/v2\/product_cat?post=112879"},{"taxonomy":"product_tag","embeddable":true,"href":"https:\/\/arbeitskleidung.de\/shop\/wp-json\/wp\/v2\/product_tag?post=112879"}],"curies":[{"name":"wp","href":"https:\/\/api.w.org\/{rel}","templated":true}]}}