{"id":112993,"date":"2023-01-31T12:28:51","date_gmt":"2023-01-31T10:28:51","guid":{"rendered":"https:\/\/arbeitskleidung.de\/shop\/produkt\/bierbaum-proenen-kochjacke-2"},"modified":"2023-01-31T12:28:56","modified_gmt":"2023-01-31T10:28:56","slug":"bierbaum-proenen-kochjacke-2","status":"publish","type":"product","link":"https:\/\/arbeitskleidung.de\/shop\/produkt\/bierbaum-proenen-kochjacke-2","title":{"rendered":"Bierbaum-Proenen Kochjacke"},"content":{"rendered":"<p><strong>Bierbaum-Proenen Kochjacke<\/strong><br \/>\nStehkragen, Teilungsn\u00e4hte,<br \/>\nBel\u00fcftungs\u00f6ffnungen, \u00c4rmel mit Manschetten,<br \/>\n1 Brustleistentasche, 1 \u00c4rmeltasche,<br \/>\n100 % Baumwolle CERAMIC<br \/>\nIndustriew\u00e4sche-geeignet,<br \/>\nkochfest, pflegeleicht.<\/p>\n<p>doppelte Schlitzlochreihe f\u00fcr sechs Paar Kugelkn\u00f6pfe. <\/p>\n<p>(Kugelkn\u00f6pfe bitte separat bestellen)<\/p>\n","protected":false},"excerpt":{"rendered":"<p>Bis Gr\u00f6\u00dfe 68 lieferbar<\/p>\n","protected":false},"featured_media":86810,"comment_status":"open","ping_status":"open","template":"","meta":[],"product_cat":[3144,779,3167],"product_tag":[3146,3168,3175],"class_list":["post-112993","product","type-product","status-publish","has-post-thumbnail","hentry","product_cat-kuechenkleidung-servicekleidung","product_cat-gastronomie-klinik","product_cat-damen-und-herren-kochjacken","product_tag-kuechenkleidung","product_tag-kochjacke","product_tag-bierbaum-proenen","pa_farbe-schwarz","pa_farbe-weiss","pa_groesse-2878","pa_groesse-2891","pa_groesse-2939","pa_groesse-3011","pa_groesse-3012","pa_groesse-3013","pa_groesse-3014","pa_groesse-3015","pa_groesse-3016","pa_groesse-3017","pa_groesse-3018","pa_groesse-3019","pa_groesse-3070","pa_hersteller-bierbaum-proenen"],"_links":{"self":[{"href":"https:\/\/arbeitskleidung.de\/shop\/wp-json\/wp\/v2\/product\/112993"}],"collection":[{"href":"https:\/\/arbeitskleidung.de\/shop\/wp-json\/wp\/v2\/product"}],"about":[{"href":"https:\/\/arbeitskleidung.de\/shop\/wp-json\/wp\/v2\/types\/product"}],"replies":[{"embeddable":true,"href":"https:\/\/arbeitskleidung.de\/shop\/wp-json\/wp\/v2\/comments?post=112993"}],"wp:featuredmedia":[{"embeddable":true,"href":"https:\/\/arbeitskleidung.de\/shop\/wp-json\/wp\/v2\/media\/86810"}],"wp:attachment":[{"href":"https:\/\/arbeitskleidung.de\/shop\/wp-json\/wp\/v2\/media?parent=112993"}],"wp:term":[{"taxonomy":"product_cat","embeddable":true,"href":"https:\/\/arbeitskleidung.de\/shop\/wp-json\/wp\/v2\/product_cat?post=112993"},{"taxonomy":"product_tag","embeddable":true,"href":"https:\/\/arbeitskleidung.de\/shop\/wp-json\/wp\/v2\/product_tag?post=112993"}],"curies":[{"name":"wp","href":"https:\/\/api.w.org\/{rel}","templated":true}]}}

<p><strong>Bierbaum-Proenen Kochjacke</strong><br />
Stehkragen, Teilungsnähte,<br />
Belüftungsöffnungen, Ärmel mit Manschetten,<br />
1 Brustleistentasche, 1 Ärmeltasche,<br />
100 % Baumwolle CERAMIC<br />
Industriewäsche-geeignet,<br />
kochfest, pflegeleicht.</p>
<p>doppelte Schlitzlochreihe für sechs Paar Kugelknöpfe. </p>
<p>(Kugelknöpfe bitte separat bestellen)</p>

<p>Bis Größe 68 lieferbar</p>
