{"id":113035,"date":"2022-06-30T10:22:23","date_gmt":"2022-06-30T08:22:23","guid":{"rendered":"https:\/\/arbeitskleidung.de\/shop\/produkt\/bierbaum-proenen-image-kochjacken"},"modified":"2022-06-30T10:22:26","modified_gmt":"2022-06-30T08:22:26","slug":"bierbaum-proenen-image-kochjacken","status":"publish","type":"product","link":"https:\/\/arbeitskleidung.de\/shop\/produkt\/bierbaum-proenen-image-kochjacken","title":{"rendered":"Bierbaum-Proenen Image- Kochjacken"},"content":{"rendered":"<p><strong>Bierbaum-Proenen Image- Kochjacken<\/strong><br \/>\nStehkragen,<br \/>\nverdeckte Druckkn\u00f6pfe, Teilungsn\u00e4hte,<br \/>\nPaspel und Schr\u00e4gstreifen in Besatzfarbe,<br \/>\nBel\u00fcftungs\u00f6ffnungen,<br \/>\n\u00c4rmel mit Manschetten, 1 Brustleistentasche,<br \/>\n65 % Polyester \/ 35 % Baumwolle,<br \/>\nIndustriew\u00e4sche-geeignet,<br \/>\nkochfest, pflegeleicht.<\/p>\n","protected":false},"excerpt":{"rendered":"<p>Bierbaum-Proenen Image- Kochjacken Stehkragen, verdeckte Druckkn\u00f6pfe, Teilungsn\u00e4hte, Paspel und Schr\u00e4gstreifen in Besatzfarbe, Bel\u00fcftungs\u00f6ffnungen, \u00c4rmel mit Manschetten, 1 Brustleistentasche, 65 % Polyester \/ 35 % Baumwolle, Industriew\u00e4sche-geeignet, kochfest, pflegeleicht.<\/p>\n","protected":false},"featured_media":97294,"comment_status":"open","ping_status":"open","template":"","meta":[],"product_cat":[3144,779,3174],"product_tag":[3146,3168,3175],"class_list":["post-113035","product","type-product","status-publish","has-post-thumbnail","hentry","product_cat-kuechenkleidung-servicekleidung","product_cat-gastronomie-klinik","product_cat-image-kochjacken","product_tag-kuechenkleidung","product_tag-kochjacke","product_tag-bierbaum-proenen","pa_farbe-schwarz-rot","pa_farbe-weiss-schwarz","pa_groesse-2878","pa_groesse-2891","pa_groesse-2939","pa_groesse-3011","pa_groesse-3012","pa_groesse-3013","pa_groesse-3014","pa_groesse-3015","pa_groesse-3016","pa_groesse-3017","pa_groesse-3018","pa_hersteller-bierbaum-proenen"],"_links":{"self":[{"href":"https:\/\/arbeitskleidung.de\/shop\/wp-json\/wp\/v2\/product\/113035"}],"collection":[{"href":"https:\/\/arbeitskleidung.de\/shop\/wp-json\/wp\/v2\/product"}],"about":[{"href":"https:\/\/arbeitskleidung.de\/shop\/wp-json\/wp\/v2\/types\/product"}],"replies":[{"embeddable":true,"href":"https:\/\/arbeitskleidung.de\/shop\/wp-json\/wp\/v2\/comments?post=113035"}],"wp:featuredmedia":[{"embeddable":true,"href":"https:\/\/arbeitskleidung.de\/shop\/wp-json\/wp\/v2\/media\/97294"}],"wp:attachment":[{"href":"https:\/\/arbeitskleidung.de\/shop\/wp-json\/wp\/v2\/media?parent=113035"}],"wp:term":[{"taxonomy":"product_cat","embeddable":true,"href":"https:\/\/arbeitskleidung.de\/shop\/wp-json\/wp\/v2\/product_cat?post=113035"},{"taxonomy":"product_tag","embeddable":true,"href":"https:\/\/arbeitskleidung.de\/shop\/wp-json\/wp\/v2\/product_tag?post=113035"}],"curies":[{"name":"wp","href":"https:\/\/api.w.org\/{rel}","templated":true}]}}

<p><strong>Bierbaum-Proenen Image- Kochjacken</strong><br />
Stehkragen,<br />
verdeckte Druckknöpfe, Teilungsnähte,<br />
Paspel und Schrägstreifen in Besatzfarbe,<br />
Belüftungsöffnungen,<br />
Ärmel mit Manschetten, 1 Brustleistentasche,<br />
65 % Polyester / 35 % Baumwolle,<br />
Industriewäsche-geeignet,<br />
kochfest, pflegeleicht.</p>

<p>Bierbaum-Proenen Image- Kochjacken Stehkragen, verdeckte Druckknöpfe, Teilungsnähte, Paspel und Schrägstreifen in Besatzfarbe, Belüftungsöffnungen, Ärmel mit Manschetten, 1 Brustleistentasche, 65 % Polyester / 35 % Baumwolle, Industriewäsche-geeignet, kochfest, pflegeleicht.</p>
