{"id":113444,"date":"2022-02-07T15:15:26","date_gmt":"2022-02-07T13:15:26","guid":{"rendered":"https:\/\/arbeitskleidung.de\/shop\/produkt\/exner-latzschuerze-80-x-100-cm"},"modified":"2022-02-07T15:15:26","modified_gmt":"2022-02-07T13:15:26","slug":"exner-latzschuerze-80-x-100-cm","status":"publish","type":"product","link":"https:\/\/arbeitskleidung.de\/shop\/produkt\/exner-latzschuerze-80-x-100-cm","title":{"rendered":"EXNER Latzsch\u00fcrze 80 x 100 cm"},"content":{"rendered":"<p><strong>EXNER Latzsch\u00fcrze 80 x 100 cm<\/strong><br \/>\nStoffb\u00e4nder, verstellbares Halsband<br \/>\nBreite\/L\u00e4nge 80 x 100 cm<br \/>\nZusammensetzung:<br \/>\n100 % Baumwolle 230 gr.<br \/>\n65 % Baumwolle 35 % Polyester 220 gr. <\/p>\n<p>nach \u00d6ko-Tex Standard 100<\/p>\n<p>B\u00fcgelleichte &#8211; und Softausstattung<\/p>\n<p>Farbe: Nadelstreifen<\/p>\n","protected":false},"excerpt":{"rendered":"<p>EXNER Latzsch\u00fcrze 80 x 100 cm Stoffb\u00e4nder, verstellbares Halsband Breite\/L\u00e4nge 80 x 100 cm Zusammensetzung: 100 % Baumwolle 230 gr. 65 % Baumwolle 35 % Polyester 220 gr. nach \u00d6ko-Tex Standard 100 B\u00fcgelleichte &#8211; und Softausstattung Farbe: Nadelstreifen<\/p>\n","protected":false},"featured_media":85801,"comment_status":"open","ping_status":"open","template":"","meta":[],"product_cat":[3144,3151,3154,779],"product_tag":[3146,3153,3155],"class_list":["post-113444","product","type-product","status-publish","has-post-thumbnail","hentry","product_cat-kuechenkleidung-servicekleidung","product_cat-exner-mode-mit-system","product_cat-latzschuerzen","product_cat-gastronomie-klinik","product_tag-kuechenkleidung","product_tag-exner","product_tag-latzschuerze","pa_hersteller-exner"],"_links":{"self":[{"href":"https:\/\/arbeitskleidung.de\/shop\/wp-json\/wp\/v2\/product\/113444"}],"collection":[{"href":"https:\/\/arbeitskleidung.de\/shop\/wp-json\/wp\/v2\/product"}],"about":[{"href":"https:\/\/arbeitskleidung.de\/shop\/wp-json\/wp\/v2\/types\/product"}],"replies":[{"embeddable":true,"href":"https:\/\/arbeitskleidung.de\/shop\/wp-json\/wp\/v2\/comments?post=113444"}],"wp:featuredmedia":[{"embeddable":true,"href":"https:\/\/arbeitskleidung.de\/shop\/wp-json\/wp\/v2\/media\/85801"}],"wp:attachment":[{"href":"https:\/\/arbeitskleidung.de\/shop\/wp-json\/wp\/v2\/media?parent=113444"}],"wp:term":[{"taxonomy":"product_cat","embeddable":true,"href":"https:\/\/arbeitskleidung.de\/shop\/wp-json\/wp\/v2\/product_cat?post=113444"},{"taxonomy":"product_tag","embeddable":true,"href":"https:\/\/arbeitskleidung.de\/shop\/wp-json\/wp\/v2\/product_tag?post=113444"}],"curies":[{"name":"wp","href":"https:\/\/api.w.org\/{rel}","templated":true}]}}