{"id":114228,"date":"2022-03-07T10:14:45","date_gmt":"2022-03-07T08:14:45","guid":{"rendered":"https:\/\/arbeitskleidung.de\/shop\/produkt\/qualitex-bundhose"},"modified":"2022-03-07T10:14:49","modified_gmt":"2022-03-07T08:14:49","slug":"qualitex-bundhose","status":"publish","type":"product","link":"https:\/\/arbeitskleidung.de\/shop\/produkt\/qualitex-bundhose","title":{"rendered":"Qualitex Bundhose"},"content":{"rendered":"<p><strong>Qualitex Bundhose<\/strong><br \/>\nMischgewebe ( 65 % Baumwolle, 35 % Polyester ), ca. 300 g\/m\u00b2<\/p>\n<p>NEUE FARBKOMBINATIONEN<\/p>\n<p>Rundbund mit 7 Schlaufen.<br \/>\n2 seitlich im Bund eingearbeitete Gummiz\u00fcge.<br \/>\n2 eingesetzte Vordertaschen.<br \/>\n1 verst\u00e4rkte Ges\u00e4\u00dftasche mit Patte.<br \/>\nDoppelte Ma\u00dfstabtasche.<br \/>\n1 Schenkeltasche mit<br \/>\nKartoffelfalte und Patte.<br \/>\nHosenschlitz mit Messing-Rei\u00dfverschluss.<\/p>\n","protected":false},"excerpt":{"rendered":"<p>Mischgewebe ( 65 % Baumwolle, 35 % Polyester ), ca. 300 g\/m\u00b2<\/p>\n","protected":false},"featured_media":93409,"comment_status":"open","ping_status":"open","template":"","meta":[],"product_cat":[3537,823,3252],"product_tag":[3199,3392,2791,3004],"class_list":["post-114228","product","type-product","status-publish","has-post-thumbnail","hentry","product_cat-berufsbekleidung-einfarbig","product_cat-industrie-handwerk","product_cat-qualitex-arbeitskleidung","product_tag-bundhose","product_tag-berufsbekleidung","product_tag-arbeitskleidung","product_tag-qualitex","pa_farbe-gruen","pa_farbe-kornblau","pa_groesse-3091","pa_groesse-3092","pa_groesse-3093","pa_groesse-3291","pa_groesse-3235","pa_groesse-3200","pa_groesse-3236","pa_groesse-3201","pa_groesse-3237","pa_groesse-2877","pa_groesse-2878","pa_groesse-2891","pa_groesse-2939","pa_groesse-3011","pa_groesse-3012","pa_groesse-3013","pa_groesse-3014","pa_groesse-3015","pa_groesse-3016","pa_groesse-3017","pa_groesse-3018","pa_groesse-2986","pa_groesse-3089","pa_groesse-3090","pa_hersteller-qualitex"],"_links":{"self":[{"href":"https:\/\/arbeitskleidung.de\/shop\/wp-json\/wp\/v2\/product\/114228"}],"collection":[{"href":"https:\/\/arbeitskleidung.de\/shop\/wp-json\/wp\/v2\/product"}],"about":[{"href":"https:\/\/arbeitskleidung.de\/shop\/wp-json\/wp\/v2\/types\/product"}],"replies":[{"embeddable":true,"href":"https:\/\/arbeitskleidung.de\/shop\/wp-json\/wp\/v2\/comments?post=114228"}],"wp:featuredmedia":[{"embeddable":true,"href":"https:\/\/arbeitskleidung.de\/shop\/wp-json\/wp\/v2\/media\/93409"}],"wp:attachment":[{"href":"https:\/\/arbeitskleidung.de\/shop\/wp-json\/wp\/v2\/media?parent=114228"}],"wp:term":[{"taxonomy":"product_cat","embeddable":true,"href":"https:\/\/arbeitskleidung.de\/shop\/wp-json\/wp\/v2\/product_cat?post=114228"},{"taxonomy":"product_tag","embeddable":true,"href":"https:\/\/arbeitskleidung.de\/shop\/wp-json\/wp\/v2\/product_tag?post=114228"}],"curies":[{"name":"wp","href":"https:\/\/api.w.org\/{rel}","templated":true}]}}