{"id":115794,"date":"2022-03-07T10:22:03","date_gmt":"2022-03-07T08:22:03","guid":{"rendered":"https:\/\/arbeitskleidung.de\/shop\/produkt\/qualitex-latzhose-3"},"modified":"2022-03-07T10:22:19","modified_gmt":"2022-03-07T08:22:19","slug":"qualitex-latzhose-3","status":"publish","type":"product","link":"https:\/\/arbeitskleidung.de\/shop\/produkt\/qualitex-latzhose-3","title":{"rendered":"Qualitex Latzhose"},"content":{"rendered":"<p><strong>Qualitex Latzhose<\/strong><br \/>\n65 % Polyester \/ 35 % Baumwolle,<br \/>\nDiagonalk\u00f6per, ca.245 g\/m\u00b2, einlauffest.<\/p>\n<p>Brustlatz mit aufgesetzter Latztasche,<br \/>\nverschlie\u00dfbar mit Patte und Klettverschluss +<br \/>\nzus\u00e4tzlich aufgesetzte Latztasche mit L\u00e4ngsteilung,<br \/>\nverschlie\u00dfbar mit Klettverschluss +<br \/>\nzus\u00e4tzlich aufgesetzte Stifttasche,<br \/>\ninnenliegende Rei\u00dfverschlusstasche.<br \/>\n2 eingesetzte Vordertaschen. 2 Ges\u00e4\u00dftaschen,<br \/>\nverschlie\u00dfbar mit Klettverschluss.<br \/>\nRechts doppelte, abklappbare Ma\u00dfstabtasche mit<br \/>\naufgesetzter Werkzeugtasche.<br \/>\nLinks 1 Oberschenkeltasche mit aufgesetzter Handytasche<br \/>\n+ Werkzeugtasche, verschlie\u00dfbar mit Patte und Klettverschluss.<br \/>\nLinks zus\u00e4tzlich eine eingearbeitete Leistentasche.<br \/>\nHammerschlaufe. Hosenschlitz mit Metallrei\u00dfverschluss.<br \/>\nVorgeformte Knie und Knietasche mit Klettverschluss.<br \/>\nElastischer Stretcheinsatz unter Knietasche.<br \/>\nReflexpaspel an den vorderen Kontrasteins\u00e4tzen und<br \/>\nhinteren Knien\u00e4hten, an der Latztasche und der hinteren Passe.<br \/>\nSeitlich 2-fach verstellbarer Bund mit Jeanskn\u00f6pfen,<br \/>\nElastictr\u00e4ger mit Sicherheitsschnalle.<br \/>\nR\u00fcckenbund innen mit Gummizug, verstellbar mit Knopf.<br \/>\nHochgezogenes Kreuzr\u00fcckenteil.<\/p>\n","protected":false},"excerpt":{"rendered":"<p>Qualitex Latzhose 65 % Polyester \/ 35 % Baumwolle, Diagonalk\u00f6per, ca.245 g\/m\u00b2, einlauffest. Brustlatz mit aufgesetzter Latztasche, verschlie\u00dfbar mit Patte und Klettverschluss + zus\u00e4tzlich aufgesetzte Latztasche mit L\u00e4ngsteilung, verschlie\u00dfbar mit Klettverschluss + zus\u00e4tzlich aufgesetzte Stifttasche, innenliegende Rei\u00dfverschlusstasche. 2 eingesetzte Vordertaschen. 2 Ges\u00e4\u00dftaschen, verschlie\u00dfbar mit Klettverschluss. Rechts doppelte, abklappbare Ma\u00dfstabtasche mit aufgesetzter Werkzeugtasche. Links 1 Oberschenkeltasche [&hellip;]<\/p>\n","protected":false},"featured_media":97500,"comment_status":"open","ping_status":"open","template":"","meta":[],"product_cat":[823,3391,3252],"product_tag":[2791,3004,3259,3392],"class_list":["post-115794","product","type-product","status-publish","has-post-thumbnail","hentry","product_cat-industrie-handwerk","product_cat-berufsbekleidung-zweifarbig","product_cat-qualitex-arbeitskleidung","product_tag-arbeitskleidung","product_tag-qualitex","product_tag-latzhose","product_tag-berufsbekleidung","pa_farbe-grau-schwarz","pa_farbe-khaki-schwarz","pa_farbe-kornblau-schwarz","pa_farbe-marine-grau","pa_farbe-oliv-khaki","pa_farbe-rot-grau","pa_farbe-schwarz","pa_farbe-schwarz-grau","pa_farbe-weiss-grau","pa_groesse-3091","pa_groesse-3092","pa_groesse-3093","pa_groesse-3291","pa_groesse-3235","pa_groesse-3200","pa_groesse-3236","pa_groesse-3201","pa_groesse-3237","pa_groesse-2877","pa_groesse-2878","pa_groesse-2891","pa_groesse-2939","pa_groesse-3011","pa_groesse-3012","pa_groesse-3013","pa_groesse-3014","pa_groesse-3015","pa_groesse-3016","pa_groesse-3017","pa_groesse-3018","pa_groesse-2986","pa_groesse-3089","pa_groesse-3090","pa_hersteller-qualitex"],"_links":{"self":[{"href":"https:\/\/arbeitskleidung.de\/shop\/wp-json\/wp\/v2\/product\/115794"}],"collection":[{"href":"https:\/\/arbeitskleidung.de\/shop\/wp-json\/wp\/v2\/product"}],"about":[{"href":"https:\/\/arbeitskleidung.de\/shop\/wp-json\/wp\/v2\/types\/product"}],"replies":[{"embeddable":true,"href":"https:\/\/arbeitskleidung.de\/shop\/wp-json\/wp\/v2\/comments?post=115794"}],"wp:featuredmedia":[{"embeddable":true,"href":"https:\/\/arbeitskleidung.de\/shop\/wp-json\/wp\/v2\/media\/97500"}],"wp:attachment":[{"href":"https:\/\/arbeitskleidung.de\/shop\/wp-json\/wp\/v2\/media?parent=115794"}],"wp:term":[{"taxonomy":"product_cat","embeddable":true,"href":"https:\/\/arbeitskleidung.de\/shop\/wp-json\/wp\/v2\/product_cat?post=115794"},{"taxonomy":"product_tag","embeddable":true,"href":"https:\/\/arbeitskleidung.de\/shop\/wp-json\/wp\/v2\/product_tag?post=115794"}],"curies":[{"name":"wp","href":"https:\/\/api.w.org\/{rel}","templated":true}]}}