{"id":116739,"date":"2022-09-15T08:10:34","date_gmt":"2022-09-15T06:10:34","guid":{"rendered":"https:\/\/arbeitskleidung.de\/shop\/produkt\/bierbaum-proenen-workerhose-3"},"modified":"2022-09-15T08:10:36","modified_gmt":"2022-09-15T06:10:36","slug":"bierbaum-proenen-workerhose-3","status":"publish","type":"product","link":"https:\/\/arbeitskleidung.de\/shop\/produkt\/bierbaum-proenen-workerhose-3","title":{"rendered":"Bierbaum-Proenen Workerhose"},"content":{"rendered":"<p><strong>Bierbaum-Proenen Workerhose<\/strong><br \/>\nG\u00fcrtelschlaufen f\u00fcr Koppelg\u00fcrtel<br \/>\nbis 5 cm, 2 Seitentaschen,<br \/>\n2 Ges\u00e4\u00dftaschen mit Patte verschlie\u00dfbar,<br \/>\n2 Schenkeltaschen, 1 Zollstocktasche,<br \/>\nHandy-Tasche mit Schnellverschlu\u00df,<br \/>\nHalbring zum Befestigen von Accessoires,<br \/>\nvorgeformte Kniepartie.<\/p>\n<p>65 % Polyester<br \/>\n35 % Baumwolle<\/p>\n","protected":false},"excerpt":{"rendered":"<p>Restpostenverkauf vom Umtausch ausgeschlossen<\/p>\n","protected":false},"featured_media":116763,"comment_status":"open","ping_status":"open","template":"","meta":[],"product_cat":[3718,823,3440],"product_tag":[3175],"class_list":["post-116739","product","type-product","status-publish","has-post-thumbnail","hentry","product_cat-bp-workfashion-restposten","product_cat-industrie-handwerk","product_cat-bierbaum-proenen-kollektion","product_tag-bierbaum-proenen","pa_auswahl-jeans-106","pa_auswahl-jeans-44","pa_auswahl-jeans-50","pa_auswahl-jeans-54","pa_auswahl-jeans-56","pa_auswahl-jeans-90","pa_auswahl-koenigsblau-52","pa_auswahl-koenigsblau-56","pa_auswahl-mittelgrau-64","pa_auswahl-mittelgrau-98","pa_auswahl-sand-102","pa_auswahl-sand-106","pa_auswahl-sand-44","pa_auswahl-sand-50","pa_auswahl-sand-56","pa_auswahl-sand-58","pa_auswahl-schwarz-102","pa_auswahl-schwarz-58","pa_auswahl-schwarz-60","pa_auswahl-schwarz-94","pa_auswahl-schwarz-46","pa_auswahl-schwarz-50","pa_auswahl-schwarz-52","pa_hersteller-bierbaum-proenen"],"_links":{"self":[{"href":"https:\/\/arbeitskleidung.de\/shop\/wp-json\/wp\/v2\/product\/116739"}],"collection":[{"href":"https:\/\/arbeitskleidung.de\/shop\/wp-json\/wp\/v2\/product"}],"about":[{"href":"https:\/\/arbeitskleidung.de\/shop\/wp-json\/wp\/v2\/types\/product"}],"replies":[{"embeddable":true,"href":"https:\/\/arbeitskleidung.de\/shop\/wp-json\/wp\/v2\/comments?post=116739"}],"wp:featuredmedia":[{"embeddable":true,"href":"https:\/\/arbeitskleidung.de\/shop\/wp-json\/wp\/v2\/media\/116763"}],"wp:attachment":[{"href":"https:\/\/arbeitskleidung.de\/shop\/wp-json\/wp\/v2\/media?parent=116739"}],"wp:term":[{"taxonomy":"product_cat","embeddable":true,"href":"https:\/\/arbeitskleidung.de\/shop\/wp-json\/wp\/v2\/product_cat?post=116739"},{"taxonomy":"product_tag","embeddable":true,"href":"https:\/\/arbeitskleidung.de\/shop\/wp-json\/wp\/v2\/product_tag?post=116739"}],"curies":[{"name":"wp","href":"https:\/\/api.w.org\/{rel}","templated":true}]}}