{"id":116777,"date":"2022-09-15T08:10:42","date_gmt":"2022-09-15T06:10:42","guid":{"rendered":"https:\/\/arbeitskleidung.de\/shop\/produkt\/bierbaum-proenen-damen-workerhose"},"modified":"2022-09-15T08:10:43","modified_gmt":"2022-09-15T06:10:43","slug":"bierbaum-proenen-damen-workerhose","status":"publish","type":"product","link":"https:\/\/arbeitskleidung.de\/shop\/produkt\/bierbaum-proenen-damen-workerhose","title":{"rendered":"Bierbaum-Proenen Damen- Workerhose"},"content":{"rendered":"<p><strong>Bierbaum-Proenen Damen- Workerhose<\/strong><br \/>\nBund mit doppelten G\u00fcrtelschlaufen,<br \/>\n2 Seitentaschen,<br \/>\n2 Schenkeltaschen davon<br \/>\n1 mit Handy- Tasche und<br \/>\n1 mit Stift- und integrierter<br \/>\nZollstocktasche, Schl\u00fcsselring,<br \/>\nSattel, Hammerschlaufe,<br \/>\n2 Ges\u00e4\u00dftaschen, Kontrastn\u00e4hte.<br \/>\nseitlicher Dehnbund.<br \/>\n54 % Polyester<br \/>\n43 % Baumwolle<br \/>\n3 % EOL Lastol DOW XLA<\/p>\n","protected":false},"excerpt":{"rendered":"<p>Restpostenverkauf vom Umtausch ausgeschlossen<\/p>\n","protected":false},"featured_media":116783,"comment_status":"open","ping_status":"open","template":"","meta":[],"product_cat":[3718,823,3440],"product_tag":[3175],"class_list":["post-116777","product","type-product","status-publish","has-post-thumbnail","hentry","product_cat-bp-workfashion-restposten","product_cat-industrie-handwerk","product_cat-bierbaum-proenen-kollektion","product_tag-bierbaum-proenen","pa_auswahl-grau-34","pa_auswahl-schwarz-34","pa_auswahl-grau-48","pa_auswahl-grau-50","pa_auswahl-schwarz-44","pa_hersteller-bierbaum-proenen"],"_links":{"self":[{"href":"https:\/\/arbeitskleidung.de\/shop\/wp-json\/wp\/v2\/product\/116777"}],"collection":[{"href":"https:\/\/arbeitskleidung.de\/shop\/wp-json\/wp\/v2\/product"}],"about":[{"href":"https:\/\/arbeitskleidung.de\/shop\/wp-json\/wp\/v2\/types\/product"}],"replies":[{"embeddable":true,"href":"https:\/\/arbeitskleidung.de\/shop\/wp-json\/wp\/v2\/comments?post=116777"}],"wp:featuredmedia":[{"embeddable":true,"href":"https:\/\/arbeitskleidung.de\/shop\/wp-json\/wp\/v2\/media\/116783"}],"wp:attachment":[{"href":"https:\/\/arbeitskleidung.de\/shop\/wp-json\/wp\/v2\/media?parent=116777"}],"wp:term":[{"taxonomy":"product_cat","embeddable":true,"href":"https:\/\/arbeitskleidung.de\/shop\/wp-json\/wp\/v2\/product_cat?post=116777"},{"taxonomy":"product_tag","embeddable":true,"href":"https:\/\/arbeitskleidung.de\/shop\/wp-json\/wp\/v2\/product_tag?post=116777"}],"curies":[{"name":"wp","href":"https:\/\/api.w.org\/{rel}","templated":true}]}}