{"id":116982,"date":"2025-11-04T16:57:00","date_gmt":"2025-11-04T14:57:00","guid":{"rendered":"https:\/\/arbeitskleidung.de\/shop\/produkt\/boetticher-zunftweste-trenckercord"},"modified":"2025-11-04T16:57:03","modified_gmt":"2025-11-04T14:57:03","slug":"boetticher-zunftweste-trenckercord","status":"publish","type":"product","link":"https:\/\/arbeitskleidung.de\/shop\/produkt\/boetticher-zunftweste-trenckercord","title":{"rendered":"Boetticher Zunftweste TRENCKERCORD"},"content":{"rendered":"<p><strong>Boetticher Zunftweste TRENCKERCORD<\/strong><br \/>\n20-25 Rippen auf 10 cm L\u00e4nge<br \/>\n550 g\/m\u00b2<br \/>\nEinlaufwert: ca 1 % in der L\u00e4nge<\/p>\n<p>Eigenschaften:<br \/>\ntraditionelle Cordqualit\u00e4t<br \/>\nansteigende Rei\u00dffestigkeit<\/p>\n<p>Material:<br \/>\n85 % Baumwolle \/ 15 % Polyester<\/p>\n<p>zweireihig,<br \/>\nachtkn\u00f6pfig,<br \/>\n1 Innentasche,<br \/>\n2 Au\u00dfentaschen,<\/p>\n<p>R\u00fcckenteil: Baumwollk\u00f6per,<\/p>\n<p>Farbe: Schwarz<\/p>\n","protected":false},"excerpt":{"rendered":"<p>Boetticher Zunftweste TRENCKERCORD 20-25 Rippen auf 10 cm L\u00e4nge 550 g\/m\u00b2 Einlaufwert: ca 1 % in der L\u00e4nge Eigenschaften: traditionelle Cordqualit\u00e4t ansteigende Rei\u00dffestigkeit Material: 85 % Baumwolle \/ 15 % Polyester zweireihig, achtkn\u00f6pfig, 1 Innentasche, 2 Au\u00dfentaschen, R\u00fcckenteil: Baumwollk\u00f6per, Farbe: Schwarz<\/p>\n","protected":false},"featured_media":85106,"comment_status":"open","ping_status":"open","template":"","meta":[],"product_cat":[1025,2999],"product_tag":[2975,3003,3010],"class_list":["post-116982","product","type-product","status-publish","has-post-thumbnail","hentry","product_cat-zunftbekleidung","product_cat-zunftwesten-botticher-zunftkleidung","product_tag-zunftweste","product_tag-boetticher","product_tag-zunftkleidung","pa_groesse-2878","pa_groesse-2891","pa_groesse-2939","pa_groesse-3011","pa_groesse-3012","pa_groesse-3013","pa_groesse-3014","pa_groesse-3015","pa_groesse-3016","pa_groesse-3017","pa_hersteller-boetticher"],"_links":{"self":[{"href":"https:\/\/arbeitskleidung.de\/shop\/wp-json\/wp\/v2\/product\/116982"}],"collection":[{"href":"https:\/\/arbeitskleidung.de\/shop\/wp-json\/wp\/v2\/product"}],"about":[{"href":"https:\/\/arbeitskleidung.de\/shop\/wp-json\/wp\/v2\/types\/product"}],"replies":[{"embeddable":true,"href":"https:\/\/arbeitskleidung.de\/shop\/wp-json\/wp\/v2\/comments?post=116982"}],"wp:featuredmedia":[{"embeddable":true,"href":"https:\/\/arbeitskleidung.de\/shop\/wp-json\/wp\/v2\/media\/85106"}],"wp:attachment":[{"href":"https:\/\/arbeitskleidung.de\/shop\/wp-json\/wp\/v2\/media?parent=116982"}],"wp:term":[{"taxonomy":"product_cat","embeddable":true,"href":"https:\/\/arbeitskleidung.de\/shop\/wp-json\/wp\/v2\/product_cat?post=116982"},{"taxonomy":"product_tag","embeddable":true,"href":"https:\/\/arbeitskleidung.de\/shop\/wp-json\/wp\/v2\/product_tag?post=116982"}],"curies":[{"name":"wp","href":"https:\/\/api.w.org\/{rel}","templated":true}]}}

<p><strong>Boetticher Zunftweste TRENCKERCORD</strong><br />
20-25 Rippen auf 10 cm Länge<br />
550 g/m²<br />
Einlaufwert: ca 1 % in der Länge</p>
<p>Eigenschaften:<br />
traditionelle Cordqualität<br />
ansteigende Reißfestigkeit</p>
<p>Material:<br />
85 % Baumwolle / 15 % Polyester</p>
<p>zweireihig,<br />
achtknöpfig,<br />
1 Innentasche,<br />
2 Außentaschen,</p>
<p>Rückenteil: Baumwollköper,</p>
<p>Farbe: Schwarz</p>

<p>Boetticher Zunftweste TRENCKERCORD 20-25 Rippen auf 10 cm Länge 550 g/m² Einlaufwert: ca 1 % in der Länge Eigenschaften: traditionelle Cordqualität ansteigende Reißfestigkeit Material: 85 % Baumwolle / 15 % Polyester zweireihig, achtknöpfig, 1 Innentasche, 2 Außentaschen, Rückenteil: Baumwollköper, Farbe: Schwarz</p>
