{"id":86084,"date":"2024-02-01T08:45:36","date_gmt":"2024-02-01T06:45:36","guid":{"rendered":"https:\/\/arbeitskleidung.de\/shop\/produkt\/unisex-hose"},"modified":"2024-02-01T08:45:37","modified_gmt":"2024-02-01T06:45:37","slug":"unisex-hose","status":"publish","type":"product","link":"https:\/\/arbeitskleidung.de\/shop\/produkt\/unisex-hose","title":{"rendered":"Unisex Hose"},"content":{"rendered":"<p><strong>Unisex Hose<\/strong><br \/>\nMaterial :<br \/>\n65 % Polyester \/ 35 % Baumwolle<br \/>\nverstellbarer Gummizug im R\u00fccken,<br \/>\n2 Seitentaschen,<br \/>\nverschlie\u00dfbare Ges\u00e4\u00dftasche,<br \/>\nBundfalten,<br \/>\nIndustriew\u00e4sche geeignet,<br \/>\nunges\u00e4mt,<br \/>\nL\u00e4nge 88 cm.<\/p>\n","protected":false},"excerpt":{"rendered":"<p>Mischgewebe<\/p>\n","protected":false},"featured_media":86087,"comment_status":"open","ping_status":"open","template":"","meta":[],"product_cat":[3144,779,3189],"product_tag":[2865,3146,3175,3190],"class_list":["post-86084","product","type-product","status-publish","has-post-thumbnail","hentry","product_cat-kuechenkleidung-servicekleidung","product_cat-gastronomie-klinik","product_cat-restposten-kuechenbekleidung","product_tag-hose","product_tag-kuechenkleidung","product_tag-bierbaum-proenen","product_tag-kuechenbekleidung","pa_groesse-dunkelblau-xl","pa_groesse-weiss-xxl","pa_hersteller-bierbaum-proenen"],"_links":{"self":[{"href":"https:\/\/arbeitskleidung.de\/shop\/wp-json\/wp\/v2\/product\/86084"}],"collection":[{"href":"https:\/\/arbeitskleidung.de\/shop\/wp-json\/wp\/v2\/product"}],"about":[{"href":"https:\/\/arbeitskleidung.de\/shop\/wp-json\/wp\/v2\/types\/product"}],"replies":[{"embeddable":true,"href":"https:\/\/arbeitskleidung.de\/shop\/wp-json\/wp\/v2\/comments?post=86084"}],"wp:featuredmedia":[{"embeddable":true,"href":"https:\/\/arbeitskleidung.de\/shop\/wp-json\/wp\/v2\/media\/86087"}],"wp:attachment":[{"href":"https:\/\/arbeitskleidung.de\/shop\/wp-json\/wp\/v2\/media?parent=86084"}],"wp:term":[{"taxonomy":"product_cat","embeddable":true,"href":"https:\/\/arbeitskleidung.de\/shop\/wp-json\/wp\/v2\/product_cat?post=86084"},{"taxonomy":"product_tag","embeddable":true,"href":"https:\/\/arbeitskleidung.de\/shop\/wp-json\/wp\/v2\/product_tag?post=86084"}],"curies":[{"name":"wp","href":"https:\/\/api.w.org\/{rel}","templated":true}]}}