{"id":87952,"date":"2018-03-12T14:34:10","date_gmt":"2018-03-12T13:34:10","guid":{"rendered":"https:\/\/arbeitskleidung.de\/shop\/produkt\/dassy-dna-bundhose-stark"},"modified":"2018-03-12T14:34:10","modified_gmt":"2018-03-12T13:34:10","slug":"dassy-dna-bundhose-stark","status":"publish","type":"product","link":"https:\/\/arbeitskleidung.de\/shop\/produkt\/dassy-dna-bundhose-stark","title":{"rendered":"DASSY DNA Bundhose Stark"},"content":{"rendered":"<p><strong>DASSY DNA Bundhose Stark<\/strong><br \/>\nMaterial:<br \/>\n65 % Polyester\/35 % Baumwolle, 295 g\/m\u00b2<\/p>\n<p>Ausstattung:<br \/>\nverdeckter Knopf und Rei\u00dfverschluss,<br \/>\nalle Taschen verst\u00e4rkt mit Cordura\u00ae,<br \/>\n2 Schubtaschen, Handytasche,<br \/>\n2 Ges\u00e4\u00dftaschen: eine mit und eine ohne Patte,<br \/>\nSchenkeltasche, Stiftefach,<br \/>\nZollstocktasche, Messertasche,<br \/>\nverdeckte Tasche f\u00fcr Geldbeutel mit Rei\u00dfverschluss,<br \/>\nverstellbare R\u00fcckenelastik 3-fache Kappn\u00e4hte,<br \/>\nbreiter Saum (extra 5 cm)<br \/>\nHosenl\u00e4nge selbst ver\u00e4nderbar<\/p>\n","protected":false},"excerpt":{"rendered":"<p>DASSY DNA Bundhose Stark Material: 65 % Polyester\/35 % Baumwolle, 295 g\/m\u00b2 Ausstattung: verdeckter Knopf und Rei\u00dfverschluss, alle Taschen verst\u00e4rkt mit Cordura\u00ae, 2 Schubtaschen, Handytasche, 2 Ges\u00e4\u00dftaschen: eine mit und eine ohne Patte, Schenkeltasche, Stiftefach, Zollstocktasche, Messertasche, verdeckte Tasche f\u00fcr Geldbeutel mit Rei\u00dfverschluss, verstellbare R\u00fcckenelastik 3-fache Kappn\u00e4hte, breiter Saum (extra 5 cm) Hosenl\u00e4nge selbst ver\u00e4nderbar<\/p>\n","protected":false},"featured_media":87977,"comment_status":"open","ping_status":"open","template":"","meta":[],"product_cat":[823,3303],"product_tag":[3199,3304],"class_list":["post-87952","product","type-product","status-publish","has-post-thumbnail","hentry","product_cat-industrie-handwerk","product_cat-dassy-workwear","product_tag-bundhose","product_tag-dassy","pa_farbe-grau-schwarz","pa_farbe-schwarz-grau","pa_groesse-2878","pa_groesse-2891","pa_groesse-2939","pa_groesse-3011","pa_groesse-3012","pa_groesse-3013","pa_groesse-3014","pa_groesse-3015","pa_groesse-3016","pa_groesse-3017","pa_groesse-3018","pa_groesse-3019","pa_hersteller-dassy"],"_links":{"self":[{"href":"https:\/\/arbeitskleidung.de\/shop\/wp-json\/wp\/v2\/product\/87952"}],"collection":[{"href":"https:\/\/arbeitskleidung.de\/shop\/wp-json\/wp\/v2\/product"}],"about":[{"href":"https:\/\/arbeitskleidung.de\/shop\/wp-json\/wp\/v2\/types\/product"}],"replies":[{"embeddable":true,"href":"https:\/\/arbeitskleidung.de\/shop\/wp-json\/wp\/v2\/comments?post=87952"}],"wp:featuredmedia":[{"embeddable":true,"href":"https:\/\/arbeitskleidung.de\/shop\/wp-json\/wp\/v2\/media\/87977"}],"wp:attachment":[{"href":"https:\/\/arbeitskleidung.de\/shop\/wp-json\/wp\/v2\/media?parent=87952"}],"wp:term":[{"taxonomy":"product_cat","embeddable":true,"href":"https:\/\/arbeitskleidung.de\/shop\/wp-json\/wp\/v2\/product_cat?post=87952"},{"taxonomy":"product_tag","embeddable":true,"href":"https:\/\/arbeitskleidung.de\/shop\/wp-json\/wp\/v2\/product_tag?post=87952"}],"curies":[{"name":"wp","href":"https:\/\/api.w.org\/{rel}","templated":true}]}}

<p><strong>DASSY DNA Bundhose Stark</strong><br />
Material:<br />
65 % Polyester/35 % Baumwolle, 295 g/m²</p>
<p>Ausstattung:<br />
verdeckter Knopf und Reißverschluss,<br />
alle Taschen verstärkt mit Cordura®,<br />
2 Schubtaschen, Handytasche,<br />
2 Gesäßtaschen: eine mit und eine ohne Patte,<br />
Schenkeltasche, Stiftefach,<br />
Zollstocktasche, Messertasche,<br />
verdeckte Tasche für Geldbeutel mit Reißverschluss,<br />
verstellbare Rückenelastik 3-fache Kappnähte,<br />
breiter Saum (extra 5 cm)<br />
Hosenlänge selbst veränderbar</p>

<p>DASSY DNA Bundhose Stark Material: 65 % Polyester/35 % Baumwolle, 295 g/m² Ausstattung: verdeckter Knopf und Reißverschluss, alle Taschen verstärkt mit Cordura®, 2 Schubtaschen, Handytasche, 2 Gesäßtaschen: eine mit und eine ohne Patte, Schenkeltasche, Stiftefach, Zollstocktasche, Messertasche, verdeckte Tasche für Geldbeutel mit Reißverschluss, verstellbare Rückenelastik 3-fache Kappnähte, breiter Saum (extra 5 cm) Hosenlänge selbst veränderbar</p>
