{"id":89399,"date":"2016-11-29T19:10:03","date_gmt":"2016-11-29T18:10:03","guid":{"rendered":"https:\/\/arbeitskleidung.de\/shop\/produkt\/hitachi-power-tools-slacks-long"},"modified":"2016-11-29T19:10:03","modified_gmt":"2016-11-29T18:10:03","slug":"hitachi-power-tools-slacks-long","status":"publish","type":"product","link":"https:\/\/arbeitskleidung.de\/shop\/produkt\/hitachi-power-tools-slacks-long","title":{"rendered":"HITACHI Power Tools SLACKS LONG"},"content":{"rendered":"<p><strong>HITACHI Power Tools SLACKS LONG<\/strong><br \/>\nRestpostenverkauf vom Umtausch ausgeschlossen<br \/>\nArbeitshose lang Herren aus hochwertiger<br \/>\nund besonders strapazierf\u00e4higer Qualit\u00e4t in<br \/>\nguter Passform f\u00fcr viel Bewegungsfreiheit.<br \/>\nMit diversen Funktionstaschen: seitliche<br \/>\nCargotasche mit Balg und integrierter Handytasche,<br \/>\nWerkzeugtasche mit Stiftefach,<br \/>\nsowie diversen Fronttasche, davon eine<br \/>\nmit Klettverschluss. Seitliche Schlaufe und<br \/>\nGes\u00e4\u00dftaschen mit Reflexeffekten.<br \/>\nSeitlich angebrachtes Weblabel.<\/p>\n<p>Schwarz<br \/>\n65 % Polyester \/ 35 % Baumwolle, 320 g\/m\u00b2<\/p>\n","protected":false},"excerpt":{"rendered":"<p>HITACHI Power Tools SLACKS LONG Restpostenverkauf vom Umtausch ausgeschlossen Arbeitshose lang Herren aus hochwertiger und besonders strapazierf\u00e4higer Qualit\u00e4t in guter Passform f\u00fcr viel Bewegungsfreiheit. Mit diversen Funktionstaschen: seitliche Cargotasche mit Balg und integrierter Handytasche, Werkzeugtasche mit Stiftefach, sowie diversen Fronttasche, davon eine mit Klettverschluss. Seitliche Schlaufe und Ges\u00e4\u00dftaschen mit Reflexeffekten. Seitlich angebrachtes Weblabel. Schwarz 65 [&hellip;]<\/p>\n","protected":false},"featured_media":89401,"comment_status":"open","ping_status":"open","template":"","meta":[],"product_cat":[3350,823,3349],"product_tag":[2781],"class_list":["post-89399","product","type-product","status-publish","has-post-thumbnail","hentry","product_cat-hitachi-kollektion","product_cat-industrie-handwerk","product_cat-hitachi-bekleidung","product_tag-hitachi","pa_groesse-xl","pa_hersteller-hitachi"],"_links":{"self":[{"href":"https:\/\/arbeitskleidung.de\/shop\/wp-json\/wp\/v2\/product\/89399"}],"collection":[{"href":"https:\/\/arbeitskleidung.de\/shop\/wp-json\/wp\/v2\/product"}],"about":[{"href":"https:\/\/arbeitskleidung.de\/shop\/wp-json\/wp\/v2\/types\/product"}],"replies":[{"embeddable":true,"href":"https:\/\/arbeitskleidung.de\/shop\/wp-json\/wp\/v2\/comments?post=89399"}],"wp:featuredmedia":[{"embeddable":true,"href":"https:\/\/arbeitskleidung.de\/shop\/wp-json\/wp\/v2\/media\/89401"}],"wp:attachment":[{"href":"https:\/\/arbeitskleidung.de\/shop\/wp-json\/wp\/v2\/media?parent=89399"}],"wp:term":[{"taxonomy":"product_cat","embeddable":true,"href":"https:\/\/arbeitskleidung.de\/shop\/wp-json\/wp\/v2\/product_cat?post=89399"},{"taxonomy":"product_tag","embeddable":true,"href":"https:\/\/arbeitskleidung.de\/shop\/wp-json\/wp\/v2\/product_tag?post=89399"}],"curies":[{"name":"wp","href":"https:\/\/api.w.org\/{rel}","templated":true}]}}