{"id":89733,"date":"2016-11-29T19:12:20","date_gmt":"2016-11-29T18:12:20","guid":{"rendered":"https:\/\/arbeitskleidung.de\/shop\/produkt\/elysee-handschuhe-carpenter"},"modified":"2016-11-29T19:12:20","modified_gmt":"2016-11-29T18:12:20","slug":"elysee-handschuhe-carpenter","status":"publish","type":"product","link":"https:\/\/arbeitskleidung.de\/shop\/produkt\/elysee-handschuhe-carpenter","title":{"rendered":"Elysee Handschuhe CARPENTER"},"content":{"rendered":"<p><strong>Elysee Handschuhe CARPENTER<\/strong><br \/>\nhervorragende Passform durch das<br \/>\nweiche Innenhandmaterial<br \/>\nund den elastischen Handr\u00fccken,<br \/>\nangeraute, robuste Kunstlederverst\u00e4rkung<br \/>\nin den Belastungszonen,<br \/>\nDaumen, Zeige- und Mittelfinger offen,<br \/>\noptimal f\u00fcr Arbeiten mit Fingerfertigkeit,<br \/>\ngepolsterte Verst\u00e4rkungen in der<br \/>\nHandinnenfl\u00e4che,<br \/>\nsicherer Sitz durch Klettverschluss am Handgelenk,<br \/>\nKn\u00f6chelschutz aus flexiblem Neopren.<\/p>\n","protected":false},"excerpt":{"rendered":"<p>Elysee Handschuhe CARPENTER hervorragende Passform durch das weiche Innenhandmaterial und den elastischen Handr\u00fccken, angeraute, robuste Kunstlederverst\u00e4rkung in den Belastungszonen, Daumen, Zeige- und Mittelfinger offen, optimal f\u00fcr Arbeiten mit Fingerfertigkeit, gepolsterte Verst\u00e4rkungen in der Handinnenfl\u00e4che, sicherer Sitz durch Klettverschluss am Handgelenk, Kn\u00f6chelschutz aus flexiblem Neopren.<\/p>\n","protected":false},"featured_media":89738,"comment_status":"open","ping_status":"open","template":"","meta":[],"product_cat":[823,3360,3272],"product_tag":[2774,3364],"class_list":["post-89733","product","type-product","status-publish","has-post-thumbnail","hentry","product_cat-industrie-handwerk","product_cat-elysee-handschuheaccessoires","product_cat-elysee-kollektion","product_tag-elysee","product_tag-handschuhe","pa_groesse-3319","pa_groesse-3365","pa_groesse-3317","pa_groesse-3318","pa_hersteller-elysee"],"_links":{"self":[{"href":"https:\/\/arbeitskleidung.de\/shop\/wp-json\/wp\/v2\/product\/89733"}],"collection":[{"href":"https:\/\/arbeitskleidung.de\/shop\/wp-json\/wp\/v2\/product"}],"about":[{"href":"https:\/\/arbeitskleidung.de\/shop\/wp-json\/wp\/v2\/types\/product"}],"replies":[{"embeddable":true,"href":"https:\/\/arbeitskleidung.de\/shop\/wp-json\/wp\/v2\/comments?post=89733"}],"wp:featuredmedia":[{"embeddable":true,"href":"https:\/\/arbeitskleidung.de\/shop\/wp-json\/wp\/v2\/media\/89738"}],"wp:attachment":[{"href":"https:\/\/arbeitskleidung.de\/shop\/wp-json\/wp\/v2\/media?parent=89733"}],"wp:term":[{"taxonomy":"product_cat","embeddable":true,"href":"https:\/\/arbeitskleidung.de\/shop\/wp-json\/wp\/v2\/product_cat?post=89733"},{"taxonomy":"product_tag","embeddable":true,"href":"https:\/\/arbeitskleidung.de\/shop\/wp-json\/wp\/v2\/product_tag?post=89733"}],"curies":[{"name":"wp","href":"https:\/\/api.w.org\/{rel}","templated":true}]}}