{"id":89752,"date":"2021-12-13T16:15:31","date_gmt":"2021-12-13T14:15:31","guid":{"rendered":"https:\/\/arbeitskleidung.de\/shop\/produkt\/elysee-softshell-jacke-sanddorn"},"modified":"2021-12-13T16:15:32","modified_gmt":"2021-12-13T14:15:32","slug":"elysee-softshell-jacke-sanddorn","status":"publish","type":"product","link":"https:\/\/arbeitskleidung.de\/shop\/produkt\/elysee-softshell-jacke-sanddorn","title":{"rendered":"Elysee Softshell Jacke SANDDORN"},"content":{"rendered":"<p><strong>Elysee Softshell Jacke SANDDORN<\/strong><br \/>\nObermaterial: 100 % Polyester,<br \/>\n3-Lagenlaminat,<br \/>\nEinsatz am Saum und \u00c4rmelsaum,<br \/>\n100 % Polyester Oxford,<br \/>\nFarbe gr\u00fcn\/orange <\/p>\n<p>Material ist wind- und wasserdicht,<br \/>\nhoch atmungsaktiv durch 3-Lagenlaminat,<br \/>\nalle Rei\u00dfverschl\u00fcsse wasserdicht,<br \/>\nangenehm zu tragen durch Fleecematerial innen in der Jacke,<br \/>\nReflexpaspel vorne, hinten und \u00c4rmel,<br \/>\nherausnehmbare \u00c4rmel mit verstellbarem \u00c4rmelsaum,<br \/>\nSaum weitenverstellbar,<br \/>\n2 Taschen \u00fcber dem Saum,<br \/>\n1 Brusttasche,<br \/>\n2 Innentaschen.<\/p>\n","protected":false},"excerpt":{"rendered":"<p>Elysee Softshell Jacke SANDDORN Obermaterial: 100 % Polyester, 3-Lagenlaminat, Einsatz am Saum und \u00c4rmelsaum, 100 % Polyester Oxford, Farbe gr\u00fcn\/orange Material ist wind- und wasserdicht, hoch atmungsaktiv durch 3-Lagenlaminat, alle Rei\u00dfverschl\u00fcsse wasserdicht, angenehm zu tragen durch Fleecematerial innen in der Jacke, Reflexpaspel vorne, hinten und \u00c4rmel, herausnehmbare \u00c4rmel mit verstellbarem \u00c4rmelsaum, Saum weitenverstellbar, 2 Taschen [&hellip;]<\/p>\n","protected":false},"featured_media":89759,"comment_status":"open","ping_status":"open","template":"","meta":[],"product_cat":[3353,823,3700,3272,3366,3252],"product_tag":[2774,2791,2867,3004],"class_list":["post-89752","product","type-product","status-publish","has-post-thumbnail","hentry","product_cat-elysee-premium-workwear","product_cat-industrie-handwerk","product_cat-forstschutzkleidung-qualitex-arbeitskleidung","product_cat-elysee-kollektion","product_cat-forstschutzkleidung","product_cat-qualitex-arbeitskleidung","product_tag-elysee","product_tag-arbeitskleidung","product_tag-jacke","product_tag-qualitex","pa_groesse-l","pa_groesse-m","pa_groesse-s","pa_groesse-xl","pa_groesse-xxl","pa_groesse-xxxl","pa_hersteller-elysee"],"_links":{"self":[{"href":"https:\/\/arbeitskleidung.de\/shop\/wp-json\/wp\/v2\/product\/89752"}],"collection":[{"href":"https:\/\/arbeitskleidung.de\/shop\/wp-json\/wp\/v2\/product"}],"about":[{"href":"https:\/\/arbeitskleidung.de\/shop\/wp-json\/wp\/v2\/types\/product"}],"replies":[{"embeddable":true,"href":"https:\/\/arbeitskleidung.de\/shop\/wp-json\/wp\/v2\/comments?post=89752"}],"wp:featuredmedia":[{"embeddable":true,"href":"https:\/\/arbeitskleidung.de\/shop\/wp-json\/wp\/v2\/media\/89759"}],"wp:attachment":[{"href":"https:\/\/arbeitskleidung.de\/shop\/wp-json\/wp\/v2\/media?parent=89752"}],"wp:term":[{"taxonomy":"product_cat","embeddable":true,"href":"https:\/\/arbeitskleidung.de\/shop\/wp-json\/wp\/v2\/product_cat?post=89752"},{"taxonomy":"product_tag","embeddable":true,"href":"https:\/\/arbeitskleidung.de\/shop\/wp-json\/wp\/v2\/product_tag?post=89752"}],"curies":[{"name":"wp","href":"https:\/\/api.w.org\/{rel}","templated":true}]}}