{"id":89862,"date":"2016-11-29T19:12:46","date_gmt":"2016-11-29T18:12:46","guid":{"rendered":"https:\/\/arbeitskleidung.de\/shop\/produkt\/elysee-polarfleece-jacke"},"modified":"2016-11-29T19:12:46","modified_gmt":"2016-11-29T18:12:46","slug":"elysee-polarfleece-jacke","status":"publish","type":"product","link":"https:\/\/arbeitskleidung.de\/shop\/produkt\/elysee-polarfleece-jacke","title":{"rendered":"Elysee Polarfleece-Jacke"},"content":{"rendered":"<p><strong>Elysee Polarfleece-Jacke<\/strong><br \/>\nNorm: EN 471 Klasse 3, EN 340<br \/>\nMaterial:100 % Polyester,<br \/>\nPolarfleece antipilling ausger\u00fcstet<\/p>\n<p>sehr robusters Polarfleece,<br \/>\n1-Wege-Front-Rei\u00dfverschluss,<br \/>\nelastischer \u00c4rmelsaum,<br \/>\nSaum weitenverstellbar,<br \/>\nangenehm hoher, w\u00e4rmender Stehkragen,<br \/>\n2 seitliche Rei\u00dfverschlusstaschen.<\/p>\n","protected":false},"excerpt":{"rendered":"<p>Elysee Polarfleece-Jacke Norm: EN 471 Klasse 3, EN 340 Material:100 % Polyester, Polarfleece antipilling ausger\u00fcstet sehr robusters Polarfleece, 1-Wege-Front-Rei\u00dfverschluss, elastischer \u00c4rmelsaum, Saum weitenverstellbar, angenehm hoher, w\u00e4rmender Stehkragen, 2 seitliche Rei\u00dfverschlusstaschen.<\/p>\n","protected":false},"featured_media":89875,"comment_status":"open","ping_status":"open","template":"","meta":[],"product_cat":[823,3361,3272],"product_tag":[2774,2867],"class_list":["post-89862","product","type-product","status-publish","has-post-thumbnail","hentry","product_cat-industrie-handwerk","product_cat-elysee-warnschutzbekleidung","product_cat-elysee-kollektion","product_tag-elysee","product_tag-jacke","pa_farbe-gelb","pa_farbe-orange","pa_groesse-l","pa_groesse-m","pa_groesse-s","pa_groesse-xl","pa_groesse-xxl","pa_groesse-xxxl","pa_hersteller-elysee"],"_links":{"self":[{"href":"https:\/\/arbeitskleidung.de\/shop\/wp-json\/wp\/v2\/product\/89862"}],"collection":[{"href":"https:\/\/arbeitskleidung.de\/shop\/wp-json\/wp\/v2\/product"}],"about":[{"href":"https:\/\/arbeitskleidung.de\/shop\/wp-json\/wp\/v2\/types\/product"}],"replies":[{"embeddable":true,"href":"https:\/\/arbeitskleidung.de\/shop\/wp-json\/wp\/v2\/comments?post=89862"}],"wp:featuredmedia":[{"embeddable":true,"href":"https:\/\/arbeitskleidung.de\/shop\/wp-json\/wp\/v2\/media\/89875"}],"wp:attachment":[{"href":"https:\/\/arbeitskleidung.de\/shop\/wp-json\/wp\/v2\/media?parent=89862"}],"wp:term":[{"taxonomy":"product_cat","embeddable":true,"href":"https:\/\/arbeitskleidung.de\/shop\/wp-json\/wp\/v2\/product_cat?post=89862"},{"taxonomy":"product_tag","embeddable":true,"href":"https:\/\/arbeitskleidung.de\/shop\/wp-json\/wp\/v2\/product_tag?post=89862"}],"curies":[{"name":"wp","href":"https:\/\/api.w.org\/{rel}","templated":true}]}}

<p><strong>Elysee Polarfleece-Jacke</strong><br />
Norm: EN 471 Klasse 3, EN 340<br />
Material:100 % Polyester,<br />
Polarfleece antipilling ausgerüstet</p>
<p>sehr robusters Polarfleece,<br />
1-Wege-Front-Reißverschluss,<br />
elastischer Ärmelsaum,<br />
Saum weitenverstellbar,<br />
angenehm hoher, wärmender Stehkragen,<br />
2 seitliche Reißverschlusstaschen.</p>

<p>Elysee Polarfleece-Jacke Norm: EN 471 Klasse 3, EN 340 Material:100 % Polyester, Polarfleece antipilling ausgerüstet sehr robusters Polarfleece, 1-Wege-Front-Reißverschluss, elastischer Ärmelsaum, Saum weitenverstellbar, angenehm hoher, wärmender Stehkragen, 2 seitliche Reißverschlusstaschen.</p>
