{"id":90593,"date":"2021-12-13T16:15:21","date_gmt":"2021-12-13T14:15:21","guid":{"rendered":"https:\/\/arbeitskleidung.de\/shop\/produkt\/schnittschutzforstarbeiterstiefel"},"modified":"2021-12-13T16:15:22","modified_gmt":"2021-12-13T14:15:22","slug":"schnittschutzforstarbeiterstiefel","status":"publish","type":"product","link":"https:\/\/arbeitskleidung.de\/shop\/produkt\/schnittschutzforstarbeiterstiefel","title":{"rendered":"Schnittschutzforstarbeiterstiefel"},"content":{"rendered":"<p><strong>Schnittschutzforstarbeiterstiefel<\/strong><br \/>\nSTIEFEL MIT SCHNITTSCHUTZ F\u00dcR MOTORS\u00c4GENARBEIT,<br \/>\nEINEN SPEZIELLEN SCHNITTSCHUTZ IM VORDERBEREICH.<br \/>\nDieser wird wirksam f\u00fcr den Fall dass die Kettens\u00e4ge dem Holzf\u00e4ller<br \/>\nentgleitet und ihm schwere Sch\u00e4den an den<br \/>\nunteren Gliedma\u00dfen verursachen k\u00f6nnte.<br \/>\nZehenschutz und durchtrittsichere Sohle<br \/>\nAPT Plate &#8211; nicht metallisch<\/p>\n<p>Schaft: wasserabweisendes Leder mit Schnittschutz<br \/>\nFutter: abriebfestes TEXELLE Gewebe,<br \/>\nhohe Feuchtigkeitsaufnahme und -abgabe<br \/>\nFu\u00dfbett: AIR anatomisches, gelochtes Fu\u00dfbett aus<br \/>\nEVA und Stoff, antistatisch.<br \/>\nDurch ihre anatomisch angepasste Form<br \/>\nsorgt sie f\u00fcr einen optimalen Halt<br \/>\nLaufsohle: PU\/Nitrilgummi bis +300\u00b0C hitzebest\u00e4ndig<br \/>\n(1 Minute Kontaktzeit)<\/p>\n<p>Schutzklasse: A E P FO WRU HRO SRC<\/p>\n<p>Weite: 11 Mondopoint<br \/>\nGr\u00f6\u00dfen: 40 &#8211; 46<\/p>\n","protected":false},"excerpt":{"rendered":"<p>Schnittschutzforstarbeiterstiefel STIEFEL MIT SCHNITTSCHUTZ F\u00dcR MOTORS\u00c4GENARBEIT, EINEN SPEZIELLEN SCHNITTSCHUTZ IM VORDERBEREICH. Dieser wird wirksam f\u00fcr den Fall dass die Kettens\u00e4ge dem Holzf\u00e4ller entgleitet und ihm schwere Sch\u00e4den an den unteren Gliedma\u00dfen verursachen k\u00f6nnte. Zehenschutz und durchtrittsichere Sohle APT Plate &#8211; nicht metallisch Schaft: wasserabweisendes Leder mit Schnittschutz Futter: abriebfestes TEXELLE Gewebe, hohe Feuchtigkeitsaufnahme und -abgabe [&hellip;]<\/p>\n","protected":false},"featured_media":90601,"comment_status":"open","ping_status":"open","template":"","meta":[],"product_cat":[823,3700,3366,3252],"product_tag":[2791,2872,2915,3004],"class_list":["post-90593","product","type-product","status-publish","has-post-thumbnail","hentry","product_cat-industrie-handwerk","product_cat-forstschutzkleidung-qualitex-arbeitskleidung","product_cat-forstschutzkleidung","product_cat-qualitex-arbeitskleidung","product_tag-arbeitskleidung","product_tag-cofra","product_tag-stiefel","product_tag-qualitex","pa_groesse-2876","pa_groesse-2898","pa_groesse-2877","pa_groesse-2899","pa_groesse-2878","pa_groesse-2900","pa_groesse-2891","pa_hersteller-cofra"],"_links":{"self":[{"href":"https:\/\/arbeitskleidung.de\/shop\/wp-json\/wp\/v2\/product\/90593"}],"collection":[{"href":"https:\/\/arbeitskleidung.de\/shop\/wp-json\/wp\/v2\/product"}],"about":[{"href":"https:\/\/arbeitskleidung.de\/shop\/wp-json\/wp\/v2\/types\/product"}],"replies":[{"embeddable":true,"href":"https:\/\/arbeitskleidung.de\/shop\/wp-json\/wp\/v2\/comments?post=90593"}],"wp:featuredmedia":[{"embeddable":true,"href":"https:\/\/arbeitskleidung.de\/shop\/wp-json\/wp\/v2\/media\/90601"}],"wp:attachment":[{"href":"https:\/\/arbeitskleidung.de\/shop\/wp-json\/wp\/v2\/media?parent=90593"}],"wp:term":[{"taxonomy":"product_cat","embeddable":true,"href":"https:\/\/arbeitskleidung.de\/shop\/wp-json\/wp\/v2\/product_cat?post=90593"},{"taxonomy":"product_tag","embeddable":true,"href":"https:\/\/arbeitskleidung.de\/shop\/wp-json\/wp\/v2\/product_tag?post=90593"}],"curies":[{"name":"wp","href":"https:\/\/api.w.org\/{rel}","templated":true}]}}