{"id":95764,"date":"2020-10-08T15:47:46","date_gmt":"2020-10-08T13:47:46","guid":{"rendered":"https:\/\/arbeitskleidung.de\/shop\/produkt\/elka-working-xtreme-bund-latzhose"},"modified":"2020-10-08T15:47:46","modified_gmt":"2020-10-08T13:47:46","slug":"elka-working-xtreme-bundhose-mit-traeger","status":"publish","type":"product","link":"https:\/\/arbeitskleidung.de\/shop\/produkt\/elka-working-xtreme-bundhose-mit-traeger","title":{"rendered":"ELKA Working Xtreme Bundhose mit Tr\u00e4ger"},"content":{"rendered":"<p><strong>ELKA Working Xtreme Bundhose mit Tr\u00e4ger<\/strong><br \/>\nOxford Polyester<br \/>\nWassers\u00e4ule: mm H2O: 8.000 mm<br \/>\nAtmungsaktivit\u00e4t: 5.000g\/m2\/24h<br \/>\nJustierbar im Bund mit Elastik<br \/>\n2 Taschen mit Rei\u00dfverschluss<br \/>\n2 Ges\u00e4\u00dftaschen<br \/>\nCargotaschen und ID Tasche<br \/>\nAbzippbare Holstertaschen mit Reflexbiesen<br \/>\nZollstocktasche<br \/>\nAbnehmbare Tr\u00e4ger\/R\u00fccken<br \/>\nRei\u00dfverschluss am Bein<br \/>\nReflexbiesen<br \/>\nVerst\u00e4rkung an der Innenseite des Beins<br \/>\nKnietasche mit Cordura\u00ae Verst\u00e4rkung<\/p>\n","protected":false},"excerpt":{"rendered":"<p>ELKA Working Xtreme Bundhose mit Tr\u00e4ger Oxford Polyester Wassers\u00e4ule: mm H2O: 8.000 mm Atmungsaktivit\u00e4t: 5.000g\/m2\/24h Justierbar im Bund mit Elastik 2 Taschen mit Rei\u00dfverschluss 2 Ges\u00e4\u00dftaschen Cargotaschen und ID Tasche Abzippbare Holstertaschen mit Reflexbiesen Zollstocktasche Abnehmbare Tr\u00e4ger\/R\u00fccken Rei\u00dfverschluss am Bein Reflexbiesen Verst\u00e4rkung an der Innenseite des Beins Knietasche mit Cordura\u00ae Verst\u00e4rkung<\/p>\n","protected":false},"featured_media":95770,"comment_status":"open","ping_status":"open","template":"","meta":[],"product_cat":[823,3277],"product_tag":[3199,3259,3415],"class_list":["post-95764","product","type-product","status-publish","has-post-thumbnail","hentry","product_cat-industrie-handwerk","product_cat-schlechtwetterkleidung","product_tag-bundhose","product_tag-latzhose","product_tag-elka","pa_groesse-l","pa_groesse-m","pa_groesse-s","pa_groesse-xl","pa_groesse-xxl","pa_hersteller-elka"],"_links":{"self":[{"href":"https:\/\/arbeitskleidung.de\/shop\/wp-json\/wp\/v2\/product\/95764"}],"collection":[{"href":"https:\/\/arbeitskleidung.de\/shop\/wp-json\/wp\/v2\/product"}],"about":[{"href":"https:\/\/arbeitskleidung.de\/shop\/wp-json\/wp\/v2\/types\/product"}],"replies":[{"embeddable":true,"href":"https:\/\/arbeitskleidung.de\/shop\/wp-json\/wp\/v2\/comments?post=95764"}],"wp:featuredmedia":[{"embeddable":true,"href":"https:\/\/arbeitskleidung.de\/shop\/wp-json\/wp\/v2\/media\/95770"}],"wp:attachment":[{"href":"https:\/\/arbeitskleidung.de\/shop\/wp-json\/wp\/v2\/media?parent=95764"}],"wp:term":[{"taxonomy":"product_cat","embeddable":true,"href":"https:\/\/arbeitskleidung.de\/shop\/wp-json\/wp\/v2\/product_cat?post=95764"},{"taxonomy":"product_tag","embeddable":true,"href":"https:\/\/arbeitskleidung.de\/shop\/wp-json\/wp\/v2\/product_tag?post=95764"}],"curies":[{"name":"wp","href":"https:\/\/api.w.org\/{rel}","templated":true}]}}