{"id":96757,"date":"2025-11-04T16:54:02","date_gmt":"2025-11-04T14:54:02","guid":{"rendered":"https:\/\/arbeitskleidung.de\/shop\/produkt\/zunft-reissverschluss-fuer-zunfthosen-2"},"modified":"2026-02-03T09:11:49","modified_gmt":"2026-02-03T07:11:49","slug":"zunft-reissverschluss-fuer-zunfthosen","status":"publish","type":"product","link":"https:\/\/arbeitskleidung.de\/shop\/produkt\/zunft-reissverschluss-fuer-zunfthosen","title":{"rendered":"Zunft-Rei\u00dfverschluss f\u00fcr Zunfthosen"},"content":{"rendered":"<p><strong>Zunft-Rei\u00dfverschluss f\u00fcr Zunfthosen<\/strong><br \/>\n1 St\u00fcck<\/p>\n","protected":false},"excerpt":{"rendered":"<p>Zunft-Rei\u00dfverschluss f\u00fcr Zunfthosen 1 St\u00fcck<\/p>\n","protected":false},"featured_media":83618,"comment_status":"open","ping_status":"closed","template":"","meta":[],"product_cat":[1025,3023],"product_tag":[2951,2977],"class_list":["post-96757","product","type-product","status-publish","has-post-thumbnail","hentry","product_cat-zunftbekleidung","product_cat-verschleissteile-fhb","product_tag-fhb","product_tag-zunfthose","pa_farbe-beige","pa_farbe-grau","pa_farbe-rohweiss","pa_farbe-schwarz","pa_groesse-18-cm-lang","pa_groesse-20-cm-lang","pa_hersteller-fhb"],"_links":{"self":[{"href":"https:\/\/arbeitskleidung.de\/shop\/wp-json\/wp\/v2\/product\/96757"}],"collection":[{"href":"https:\/\/arbeitskleidung.de\/shop\/wp-json\/wp\/v2\/product"}],"about":[{"href":"https:\/\/arbeitskleidung.de\/shop\/wp-json\/wp\/v2\/types\/product"}],"replies":[{"embeddable":true,"href":"https:\/\/arbeitskleidung.de\/shop\/wp-json\/wp\/v2\/comments?post=96757"}],"wp:featuredmedia":[{"embeddable":true,"href":"https:\/\/arbeitskleidung.de\/shop\/wp-json\/wp\/v2\/media\/83618"}],"wp:attachment":[{"href":"https:\/\/arbeitskleidung.de\/shop\/wp-json\/wp\/v2\/media?parent=96757"}],"wp:term":[{"taxonomy":"product_cat","embeddable":true,"href":"https:\/\/arbeitskleidung.de\/shop\/wp-json\/wp\/v2\/product_cat?post=96757"},{"taxonomy":"product_tag","embeddable":true,"href":"https:\/\/arbeitskleidung.de\/shop\/wp-json\/wp\/v2\/product_tag?post=96757"}],"curies":[{"name":"wp","href":"https:\/\/api.w.org\/{rel}","templated":true}]}}