{"id":96916,"date":"2025-02-18T16:33:32","date_gmt":"2025-02-18T14:33:32","guid":{"rendered":"https:\/\/arbeitskleidung.de\/shop\/produkt\/qualitex-grizzlyskin-bundjacke"},"modified":"2025-02-18T16:33:35","modified_gmt":"2025-02-18T14:33:35","slug":"grizzlyskin-bundjacke","status":"publish","type":"product","link":"https:\/\/arbeitskleidung.de\/shop\/produkt\/grizzlyskin-bundjacke","title":{"rendered":"GRIZZLYSKIN Bundjacke"},"content":{"rendered":"<p><strong>GRIZZLYSKIN Bundjacke<\/strong><br \/>\nAusstattung:<\/p>\n<p>wichtige N\u00e4hte in 3-Nadelverarbeitung (Seitennaht, \u00c4rmelschlie\u00dfnaht &#038; Schulternaht)<br \/>\nmoderner Stehkragen, Innenkragen aus weichem Fleece mit Kinnschutz;<br \/>\nEinsatz in Kontrastfarbe mit dynamischen Reflexfl\u00e4chen im hinteren Kragen<br \/>\nmit Patte und 5 YKK-Edestahl-Druckkn\u00f6pfen verdeckter<br \/>\nMarken-Kunststoffrei\u00dfverschluss von YKK; Innenseite Blende in Kontrastfarbe<\/p>\n<p>von der Frontblende abgehende, im \u00c4rmelbereich auslaufende gebogene<br \/>\nCordura-Designfl\u00e4chen links &#038; rechts<br \/>\n2 gro\u00dfe, aufgesetzte Volumen-Brusttaschen, links mit zus\u00e4tzlichem innenliegenden<br \/>\nStiftfach, rechts mit verdecktem Kunststoff-Knopf f\u00fcr ID-Kartenaufnahme; Patten in<br \/>\nSandwichbauweise mit eingesetzten Cordura- &#038; Reflexfl\u00e4chen (zur besseren Sichtbarkeit);<br \/>\nPattenauslauf unter gebogener Cordura-Designfl\u00e4che mit Stickerei links<br \/>\nlinks zus\u00e4tzliche eingesetzte Napoleon-Leistentasche mit YKK-Marken-Kunststoffrei\u00dfverschluss<br \/>\nin Kontrastfarbe, Abdeckung in Cordura Front im Mehrlagendesign<\/p>\n<p>Doppeltasche rechts &#038; links: jeweils eine offene und eine mit<br \/>\nverdecktem YKK-Marken-Kunststoffrei\u00dfverschluss verschlie\u00dfbare Seitentasche<br \/>\nje am Seitentascheneingriff anschlie\u00dfende Kontrastfl\u00e4che mit gebogener Reflexpaspel &#038;<br \/>\ngebogenem Corduraeinsatz als Designelemente<\/p>\n<p>Schulterkoller in Kontrastfarbe mit anschlie\u00dfender Fl\u00e4che aus Cordura &#038; Reflexmaterial<br \/>\nin SandwichbauweiseR\u00fcckenkoller in Hauptfarbe, im unteren Bereich<br \/>\nf\u00fcr optimale Bel\u00fcftung im Fledermausstil geformt,<br \/>\ninnen aus atmungsaktivem Netzgewebe gefertigt &#038; zur individuellen Veredelung<br \/>\n\u00fcber verdeckten Klettverschluss zug\u00e4nglich verl\u00e4ngertes R\u00fcckenteil im Mehrlagendesign<br \/>\nmit seitlich anschlie\u00dfenden gebogenen Kontrastlelementen mit einer Kombination aus<br \/>\nReflexpaspel &#038; Reflexfl\u00e4che sowie anschlie\u00dfender Corduraapplikation<\/p>\n<p>gedreht gefertigter Designarm mit Innen\u00e4rmelb\u00fcndchen aus hochflexiblem<br \/>\nStretchmaterial zur L\u00e4ngenfixierung Hauptkeil mit angrenzenden, gebogenen Kontrastfl\u00e4chen<br \/>\nin Kombination mit Reflexpaspel &#038; Corduraelementen abschlie\u00dfender hinterer Gewebestreifen in Hauptfarbe<br \/>\nje in den Hauptkeil eingearbeitete Oberarmtasche f\u00fcr Smartphone &#038; Equipment,<br \/>\nPatte mit Corduraeinfassung, Griffpad aus Cordura<br \/>\naus wasserdichtem Material gefertigte, innenliegende Napoleon-Brusttasche rechts mit wasserdichtem<br \/>\nYKK-Marken-Kunststoffrei\u00dfverschluss aufgesetzte Innentasche links mit Cordurapatte im<br \/>\nGrizzly-Wappendesign &#038; YKK-Edelstahl-Druckknopf, Eingriff von oben.<\/p>\n<p>Material:<br \/>\n65 % Polyester \/ 35 % Lyocell ca. 270 g\/m\u00b2<\/p>\n","protected":false},"excerpt":{"rendered":"<p>GRIZZLYSKIN Bundjacke Ausstattung: wichtige N\u00e4hte in 3-Nadelverarbeitung (Seitennaht, \u00c4rmelschlie\u00dfnaht &#038; Schulternaht) moderner Stehkragen, Innenkragen aus weichem Fleece mit Kinnschutz; Einsatz in Kontrastfarbe mit dynamischen Reflexfl\u00e4chen im hinteren Kragen mit Patte und 5 YKK-Edestahl-Druckkn\u00f6pfen verdeckter Marken-Kunststoffrei\u00dfverschluss von YKK; Innenseite Blende in Kontrastfarbe von der Frontblende abgehende, im \u00c4rmelbereich auslaufende gebogene Cordura-Designfl\u00e4chen links &#038; rechts 2 gro\u00dfe, [&hellip;]<\/p>\n","protected":false},"featured_media":97039,"comment_status":"open","ping_status":"open","template":"","meta":[],"product_cat":[823,3563,3564,3252],"product_tag":[2791,3004,3258,3344],"class_list":["post-96916","product","type-product","status-publish","has-post-thumbnail","hentry","product_cat-industrie-handwerk","product_cat-berufskleidung-grizzlyskin","product_cat-berufskleidung-grizzlyskin-industrie-handwerk","product_cat-qualitex-arbeitskleidung","product_tag-arbeitskleidung","product_tag-qualitex","product_tag-berufskleidung","product_tag-bundjacke","pa_farbe-grau-schwarz","pa_farbe-kornblau-schwarz","pa_farbe-marine-grau","pa_farbe-schwarz-grau","pa_groesse-3-xl","pa_groesse-l","pa_groesse-m","pa_groesse-s","pa_groesse-xl","pa_groesse-xxl","pa_hersteller-grizzlyskin"],"_links":{"self":[{"href":"https:\/\/arbeitskleidung.de\/shop\/wp-json\/wp\/v2\/product\/96916"}],"collection":[{"href":"https:\/\/arbeitskleidung.de\/shop\/wp-json\/wp\/v2\/product"}],"about":[{"href":"https:\/\/arbeitskleidung.de\/shop\/wp-json\/wp\/v2\/types\/product"}],"replies":[{"embeddable":true,"href":"https:\/\/arbeitskleidung.de\/shop\/wp-json\/wp\/v2\/comments?post=96916"}],"wp:featuredmedia":[{"embeddable":true,"href":"https:\/\/arbeitskleidung.de\/shop\/wp-json\/wp\/v2\/media\/97039"}],"wp:attachment":[{"href":"https:\/\/arbeitskleidung.de\/shop\/wp-json\/wp\/v2\/media?parent=96916"}],"wp:term":[{"taxonomy":"product_cat","embeddable":true,"href":"https:\/\/arbeitskleidung.de\/shop\/wp-json\/wp\/v2\/product_cat?post=96916"},{"taxonomy":"product_tag","embeddable":true,"href":"https:\/\/arbeitskleidung.de\/shop\/wp-json\/wp\/v2\/product_tag?post=96916"}],"curies":[{"name":"wp","href":"https:\/\/api.w.org\/{rel}","templated":true}]}}