{"id":97245,"date":"2019-01-15T13:34:14","date_gmt":"2019-01-15T12:34:14","guid":{"rendered":"https:\/\/arbeitskleidung.de\/shop\/produkt\/elysee-outdoorjacke-2"},"modified":"2025-11-28T16:13:49","modified_gmt":"2025-11-28T14:13:49","slug":"elysee-outdoorjacke-2","status":"publish","type":"product","link":"https:\/\/arbeitskleidung.de\/shop\/produkt\/elysee-outdoorjacke-2","title":{"rendered":"Elysee Outdoorjacke"},"content":{"rendered":"<p><strong>Elysee Outdoorjacke<\/strong><br \/>\nrobustes Canvasgewebe<br \/>\nschmutz-, \u00f6l- und wasserabweisend durch hochwertige Beschichtung<br \/>\nabrieb- und rei\u00dffeste Outdoorjacke mit hoher Bewegungsfreiheit<br \/>\ndurch sehr gute Passform.<br \/>\n\u00c4rmel heraustrennbar, Jacke ist auch als Weste tragbar,<br \/>\nThermo-Innenweste sch\u00fctzt vor extremen<br \/>\nBedingungen und kann separat getragen werden,<br \/>\nverdeckter YKK\u00ae-1-Wege-Rei\u00dfverschluss,<br \/>\nPatte \u00fcber Rei\u00dfverschluss im Vorderteil mit verdeckten Druckkn\u00f6pfen,<br \/>\nweitenverstellbarer Saum und \u00c4rmelsaum,<br \/>\nR\u00fcckenteil etwas l\u00e4nger geschnitten,<br \/>\nReflexstreifen vorn und hinten,<br \/>\nAdressfeld im Innenteil der Jacke f\u00fcr Benutzer,<\/p>\n<p>Taschen:<br \/>\nTaschenkombination mit Balgtasche f\u00fcr ausreichendes<br \/>\nVolumen im Brustbereich f\u00fcr Mobiltelefon, Funkger\u00e4t, diverse Unterlagen,<br \/>\nD-Ring f\u00fcr Schl\u00fcssel an Brusttasche,<br \/>\n2 ger\u00e4umige H\u00fcfttaschen mit 2 zus\u00e4tzlichen Eingriffen seitlich und zus\u00e4tzlichem<br \/>\nDruckknopfverschluss unter der Patte, Taschenbeutel mit Balgtasche f\u00fcr maximale Kapazit\u00e4t,<br \/>\n1 Napoleontasche,<br \/>\nWeste mit Brusttasche.<\/p>\n<p>Farbe:Grau-Schwarz<br \/>\nObermaterial: 65 % Polyester\/35 % Baumwolle,320 g\/m\u00b2<br \/>\nVerst\u00e4rkung: 100 % CORDURA\u00ae<\/p>\n","protected":false},"excerpt":{"rendered":"<p>Restpostenverkauf vom Umtausch ausgeschlossen<\/p>\n","protected":false},"featured_media":97253,"comment_status":"open","ping_status":"closed","template":"","meta":[],"product_cat":[3353,823,3272],"product_tag":[2774,2867],"class_list":["post-97245","product","type-product","status-publish","has-post-thumbnail","hentry","product_cat-elysee-premium-workwear","product_cat-industrie-handwerk","product_cat-elysee-kollektion","product_tag-elysee","product_tag-jacke","product_shipping_class-standard","pa_groesse-3-xl","pa_groesse-4-xl","pa_groesse-l","pa_groesse-m","pa_groesse-s","pa_groesse-xl","pa_groesse-xxl","pa_hersteller-elysee"],"_links":{"self":[{"href":"https:\/\/arbeitskleidung.de\/shop\/wp-json\/wp\/v2\/product\/97245"}],"collection":[{"href":"https:\/\/arbeitskleidung.de\/shop\/wp-json\/wp\/v2\/product"}],"about":[{"href":"https:\/\/arbeitskleidung.de\/shop\/wp-json\/wp\/v2\/types\/product"}],"replies":[{"embeddable":true,"href":"https:\/\/arbeitskleidung.de\/shop\/wp-json\/wp\/v2\/comments?post=97245"}],"wp:featuredmedia":[{"embeddable":true,"href":"https:\/\/arbeitskleidung.de\/shop\/wp-json\/wp\/v2\/media\/97253"}],"wp:attachment":[{"href":"https:\/\/arbeitskleidung.de\/shop\/wp-json\/wp\/v2\/media?parent=97245"}],"wp:term":[{"taxonomy":"product_cat","embeddable":true,"href":"https:\/\/arbeitskleidung.de\/shop\/wp-json\/wp\/v2\/product_cat?post=97245"},{"taxonomy":"product_tag","embeddable":true,"href":"https:\/\/arbeitskleidung.de\/shop\/wp-json\/wp\/v2\/product_tag?post=97245"}],"curies":[{"name":"wp","href":"https:\/\/api.w.org\/{rel}","templated":true}]}}

<p><strong>Elysee Outdoorjacke</strong><br />
robustes Canvasgewebe<br />
schmutz-, öl- und wasserabweisend durch hochwertige Beschichtung<br />
abrieb- und reißfeste Outdoorjacke mit hoher Bewegungsfreiheit<br />
durch sehr gute Passform.<br />
Ärmel heraustrennbar, Jacke ist auch als Weste tragbar,<br />
Thermo-Innenweste schützt vor extremen<br />
Bedingungen und kann separat getragen werden,<br />
verdeckter YKK®-1-Wege-Reißverschluss,<br />
Patte über Reißverschluss im Vorderteil mit verdeckten Druckknöpfen,<br />
weitenverstellbarer Saum und Ärmelsaum,<br />
Rückenteil etwas länger geschnitten,<br />
Reflexstreifen vorn und hinten,<br />
Adressfeld im Innenteil der Jacke für Benutzer,</p>
<p>Taschen:<br />
Taschenkombination mit Balgtasche für ausreichendes<br />
Volumen im Brustbereich für Mobiltelefon, Funkgerät, diverse Unterlagen,<br />
D-Ring für Schlüssel an Brusttasche,<br />
2 geräumige Hüfttaschen mit 2 zusätzlichen Eingriffen seitlich und zusätzlichem<br />
Druckknopfverschluss unter der Patte, Taschenbeutel mit Balgtasche für maximale Kapazität,<br />
1 Napoleontasche,<br />
Weste mit Brusttasche.</p>
<p>Farbe:Grau-Schwarz<br />
Obermaterial: 65 % Polyester/35 % Baumwolle,320 g/m²<br />
Verstärkung: 100 % CORDURA®</p>
