{"id":99934,"date":"2020-08-04T15:45:23","date_gmt":"2020-08-04T13:45:23","guid":{"rendered":"https:\/\/arbeitskleidung.de\/shop\/produkt\/schutzbrille-mit-belueftung"},"modified":"2020-08-10T09:35:14","modified_gmt":"2020-08-10T07:35:14","slug":"schutzbrille-mit-belueftung","status":"publish","type":"product","link":"https:\/\/arbeitskleidung.de\/shop\/produkt\/schutzbrille-mit-belueftung","title":{"rendered":"Schutzbrille mit Bel\u00fcftung"},"content":{"rendered":"<p><strong>Schutzbrille mit Bel\u00fcftung<\/strong><br \/>\nGL\u00c4SER:<br \/>\nMATERIAL: Polycarbonat<br \/>\nFARBE: farblos<br \/>\nKR\u00dcMMUNG:<br \/>\nEN 166 &#8211; Allgemeine,<br \/>\nEN 170 &#8211; UV-Strahlen<br \/>\nGEWICHT: 108 g<br \/>\nANWENDUNGSGEBIETE: Indoor &#8211; mechanische T\u00e4tigkeiten mit guten Sichtverh\u00e4ltnissen.<br \/>\nPLUS: EXELLENTER KOMFORT, IDEAL \u00dcBER KORREKTIONSBRILLE UND ATEMSCHUTZ, VENTILATIONSSYSTEM<\/p>\n","protected":false},"excerpt":{"rendered":"<p>Schutzbrille mit Bel\u00fcftung GL\u00c4SER: MATERIAL: Polycarbonat FARBE: farblos KR\u00dcMMUNG: EN 166 &#8211; Allgemeine, EN 170 &#8211; UV-Strahlen GEWICHT: 108 g ANWENDUNGSGEBIETE: Indoor &#8211; mechanische T\u00e4tigkeiten mit guten Sichtverh\u00e4ltnissen. PLUS: EXELLENTER KOMFORT, IDEAL \u00dcBER KORREKTIONSBRILLE UND ATEMSCHUTZ, VENTILATIONSSYSTEM<\/p>\n","protected":false},"featured_media":99935,"comment_status":"open","ping_status":"closed","template":"","meta":[],"product_cat":[823,3362],"product_tag":[2872,3211,3416],"class_list":["post-99934","product","type-product","status-publish","has-post-thumbnail","hentry","product_cat-industrie-handwerk","product_cat-kopfschutz","product_tag-cofra","product_tag-schutzbrille","product_tag-kopfschutz","pa_hersteller-cofra"],"_links":{"self":[{"href":"https:\/\/arbeitskleidung.de\/shop\/wp-json\/wp\/v2\/product\/99934"}],"collection":[{"href":"https:\/\/arbeitskleidung.de\/shop\/wp-json\/wp\/v2\/product"}],"about":[{"href":"https:\/\/arbeitskleidung.de\/shop\/wp-json\/wp\/v2\/types\/product"}],"replies":[{"embeddable":true,"href":"https:\/\/arbeitskleidung.de\/shop\/wp-json\/wp\/v2\/comments?post=99934"}],"wp:featuredmedia":[{"embeddable":true,"href":"https:\/\/arbeitskleidung.de\/shop\/wp-json\/wp\/v2\/media\/99935"}],"wp:attachment":[{"href":"https:\/\/arbeitskleidung.de\/shop\/wp-json\/wp\/v2\/media?parent=99934"}],"wp:term":[{"taxonomy":"product_cat","embeddable":true,"href":"https:\/\/arbeitskleidung.de\/shop\/wp-json\/wp\/v2\/product_cat?post=99934"},{"taxonomy":"product_tag","embeddable":true,"href":"https:\/\/arbeitskleidung.de\/shop\/wp-json\/wp\/v2\/product_tag?post=99934"}],"curies":[{"name":"wp","href":"https:\/\/api.w.org\/{rel}","templated":true}]}}